{"id":2487,"date":"2024-03-12T20:26:52","date_gmt":"2024-03-12T20:26:52","guid":{"rendered":"https:\/\/votcorect.ro\/euro-locale-2024\/?page_id=2487"},"modified":"2024-11-12T10:43:11","modified_gmt":"2024-11-12T10:43:11","slug":"observatori","status":"publish","type":"page","link":"https:\/\/votcorect.ro\/prezidentiale-parlamentare-2024\/observatori\/","title":{"rendered":"Acreditare observatori"},"content":{"rendered":"<p><img loading=\"lazy\" decoding=\"async\" class=\"alignnone wp-image-3931 size-full\" src=\"https:\/\/votcorect.ro\/prezidentiale-parlamentare-2024\/wp-content\/uploads\/sites\/12\/2024\/10\/observatori_2-e1729241776967.png\" alt=\"\" width=\"1293\" height=\"719\" srcset=\"https:\/\/votcorect.ro\/prezidentiale-parlamentare-2024\/wp-content\/uploads\/sites\/12\/2024\/10\/observatori_2-e1729241776967.png 1293w, https:\/\/votcorect.ro\/prezidentiale-parlamentare-2024\/wp-content\/uploads\/sites\/12\/2024\/10\/observatori_2-e1729241776967-300x167.png 300w, https:\/\/votcorect.ro\/prezidentiale-parlamentare-2024\/wp-content\/uploads\/sites\/12\/2024\/10\/observatori_2-e1729241776967-1024x569.png 1024w, https:\/\/votcorect.ro\/prezidentiale-parlamentare-2024\/wp-content\/uploads\/sites\/12\/2024\/10\/observatori_2-e1729241776967-768x427.png 768w\" sizes=\"auto, (max-width: 1293px) 100vw, 1293px\" \/><\/p>\n<p>&nbsp;<\/p>\n<div class=\"textbox\">\n<h2 id=\"inregistrare\" style=\"text-align: center;\"><a href=\"https:\/\/observatori.votcorect.ro\/\">Pute\u021bi \u00eencepe <strong><mark><u>\u00eenregistrarea<\/u> ca observator<\/mark> <span style=\"text-decoration: underline;\">aici<\/span><\/strong><\/a>. <img loading=\"lazy\" decoding=\"async\" class=\"alignnone wp-image-3691\" src=\"https:\/\/votcorect.ro\/prezidentiale-parlamentare-2024\/wp-content\/uploads\/sites\/12\/2024\/08\/pngwing.com_-150x150-1.png\" alt=\"\" width=\"61\" height=\"61\" \/><\/h2>\n<p style=\"text-align: center;\"><strong>Termenul pentru \u00eenscrieri este urm\u0103torul:<\/strong><\/p>\n<p>&nbsp;<\/p>\n<ul>\n<li><strong>pentru primul tur al alegerilor preziden\u021biale\/referendum &#8211; \u021bar\u0103 \u0219i str\u0103in\u0103tate: 19 noiembrie<\/strong>, inclusiv. Acredit\u0103rile emise pentru preziden\u021biale sunt valabile \u0219i pentru referendum.<\/li>\n<li><strong>pentru parlamentare &#8211; \u021bar\u0103 \u0219i str\u0103in\u0103tate: 26 noiembrie<\/strong>, inclusiv<\/li>\n<li><strong>pentru al doilea tur al alegerilor preziden\u021biale &#8211; \u021bar\u0103 \u0219i str\u0103in\u0103tate: 28 noiembrie<\/strong>, inclusiv \u2013 doar dac\u0103 nu v-a\u021bi \u00eenscris \u00eenaintea primului tur de scrutin. Acreditarea pentru primul tur este valabil\u0103 \u0219i pentru al doilea tur. Nu mai este nevoie s\u0103 v\u0103 \u00eenscrie\u021bi dac\u0103 a\u021bi primit deja ecusonul.<\/li>\n<li>V\u0103 pute\u021bi \u00eenscrie pentru preziden\u021biale, pentru parlamentare sau pentru ambele tipuri de alegeri.<\/li>\n<\/ul>\n<p>&nbsp;<\/p>\n<div class=\"col-md-6 \"><b>Dac\u0103 ave\u021bi deja un cont<\/b>\u00a0creat \u0219i validat de la alegerile din iunie nu trebuie s\u0103 v\u0103 mai \u00eenregistra\u021bi, ci doar s\u0103 v\u0103 actualiza\u021bi datele pentru alegerile parlamentare \u0219i\/sau preziden\u021biale.<\/div>\n<div><\/div>\n<p><strong>Pute\u021bi afla mai multe despre observatori, rolul acestora \u0219i procedurile de acreditare <a href=\"https:\/\/votcorect.ro\/prezidentiale-parlamentare-2024\/reguli\/observator\/\">aici<\/a>.<\/strong><\/p>\n<hr \/>\n<p>&nbsp;<\/p>\n<h3 class=\"text-center mt-5 \"><span class=\"border rounded mark px-3\">\u2192 <a title=\"\u00eenscrie-te ca observator independent\" href=\"https:\/\/observatori.votcorect.ro\">observatori.votcorect.ro<\/a><\/span><\/h3>\n<\/div>\n<p>&nbsp;<\/p>\n<p style=\"text-align: center;\">Pentru orice \u00eentreb\u0103ri sau nel\u0103muriri ne pute\u021bi contacta la <a href=\"observare@votcorect.ro\">observare@votcorect.ro<\/a>.<br \/>\n<strong>Observatorii sunt voluntari, deci activitatea lor nu este pl\u0103tit\u0103.\u00a0<\/strong><\/p>\n<p>&nbsp;<\/p>\n<p>Coali\u021bia este format\u0103 din Expert Forum, Centrul pentru Resurse Civice, Asocia\u021bia Civica, Centrul pentru Studiul Democra\u021biei, R\u0103d\u0103u\u021biul Civic \u0219i Observatorul Electoral. Code for Romania asigur\u0103 dezvoltarea aplica\u021biei pentru smartphone Vote Monitor, cu ajutorul c\u0103reia colect\u0103m date \u00een ziua alegerilor.<\/p>\n<p style=\"text-align: center;\">Citi\u021bi mai multe despre parteneri \u0219i istoricul coali\u021biei <a href=\"https:\/\/votcorect.ro\/euro-locale-2024\/despre-coalitie\/\">aici<\/a>.<\/p>\n<p style=\"text-align: center;\">Vezi mai multe despre ceea ce \u00eenseamn\u0103 s\u0103 fii observator \u00een clipurile de mai jos:<\/p>\n<p style=\"text-align: center;\"><iframe loading=\"lazy\" title=\"YouTube video player\" src=\"https:\/\/www.youtube.com\/embed\/B1hPzhJjPVY?si=NMb3vkNUCO_nqBoT\" width=\"700\" height=\"500\" frameborder=\"0\" allowfullscreen=\"allowfullscreen\"><span data-mce-type=\"bookmark\" style=\"display: inline-block; width: 0px; overflow: hidden; line-height: 0;\" class=\"mce_SELRES_start\">\ufeff<\/span><\/iframe><\/p>\n<p style=\"text-align: center;\"><iframe loading=\"lazy\" title=\"YouTube video player\" src=\"https:\/\/www.youtube.com\/embed\/LUahg0gxgd4?si=1ynH5AwRmWqp1a31\" width=\"700\" height=\"500\" frameborder=\"0\" allowfullscreen=\"allowfullscreen\"><span data-mce-type=\"bookmark\" style=\"display: inline-block; width: 0px; overflow: hidden; line-height: 0;\" class=\"mce_SELRES_start\">\ufeff<\/span><\/iframe><\/p>\n<p>&nbsp;<\/p>\n<p><strong>Parteneri<\/strong><\/p>\n<p><img loading=\"lazy\" decoding=\"async\" class=\"wp-image-2722 alignleft\" src=\"https:\/\/votcorect.ro\/prezidentiale-parlamentare-2024\/wp-content\/uploads\/sites\/12\/2024\/05\/logo-2-300x300.png\" alt=\"\" width=\"69\" height=\"69\" srcset=\"https:\/\/votcorect.ro\/prezidentiale-parlamentare-2024\/wp-content\/uploads\/sites\/12\/2024\/05\/logo-2-300x300.png 300w, https:\/\/votcorect.ro\/prezidentiale-parlamentare-2024\/wp-content\/uploads\/sites\/12\/2024\/05\/logo-2-150x150.png 150w, https:\/\/votcorect.ro\/prezidentiale-parlamentare-2024\/wp-content\/uploads\/sites\/12\/2024\/05\/logo-2.png 500w\" sizes=\"auto, (max-width: 69px) 100vw, 69px\" \/><\/p>\n","protected":false},"excerpt":{"rendered":"<p>&nbsp; Pute\u021bi \u00eencepe \u00eenregistrarea ca observator aici. Termenul pentru \u00eenscrieri este urm\u0103torul: &nbsp; pentru primul tur al alegerilor preziden\u021biale\/referendum &#8211; \u021bar\u0103 \u0219i str\u0103in\u0103tate: 19 noiembrie, inclusiv. Acredit\u0103rile emise pentru preziden\u021biale sunt valabile \u0219i pentru referendum. pentru parlamentare &#8211; \u021bar\u0103 \u0219i str\u0103in\u0103tate: 26 noiembrie, inclusiv pentru al doilea tur al alegerilor preziden\u021biale &#8211; \u021bar\u0103 \u0219i str\u0103in\u0103tate: [&hellip;]<\/p>\n","protected":false},"author":2,"featured_media":0,"parent":0,"menu_order":0,"comment_status":"closed","ping_status":"closed","template":"","meta":{"_acf_changed":false,"footnotes":""},"class_list":["post-2487","page","type-page","status-publish","hentry"],"acf":[],"_links":{"self":[{"href":"https:\/\/votcorect.ro\/prezidentiale-parlamentare-2024\/wp-json\/wp\/v2\/pages\/2487","targetHints":{"allow":["GET"]}}],"collection":[{"href":"https:\/\/votcorect.ro\/prezidentiale-parlamentare-2024\/wp-json\/wp\/v2\/pages"}],"about":[{"href":"https:\/\/votcorect.ro\/prezidentiale-parlamentare-2024\/wp-json\/wp\/v2\/types\/page"}],"author":[{"embeddable":true,"href":"https:\/\/votcorect.ro\/prezidentiale-parlamentare-2024\/wp-json\/wp\/v2\/users\/2"}],"replies":[{"embeddable":true,"href":"https:\/\/votcorect.ro\/prezidentiale-parlamentare-2024\/wp-json\/wp\/v2\/comments?post=2487"}],"version-history":[{"count":28,"href":"https:\/\/votcorect.ro\/prezidentiale-parlamentare-2024\/wp-json\/wp\/v2\/pages\/2487\/revisions"}],"predecessor-version":[{"id":4003,"href":"https:\/\/votcorect.ro\/prezidentiale-parlamentare-2024\/wp-json\/wp\/v2\/pages\/2487\/revisions\/4003"}],"wp:attachment":[{"href":"https:\/\/votcorect.ro\/prezidentiale-parlamentare-2024\/wp-json\/wp\/v2\/media?parent=2487"}],"curies":[{"name":"wp","href":"https:\/\/api.w.org\/{rel}","templated":true}]}}