{"id":3691,"date":"2020-12-02T11:59:49","date_gmt":"2020-12-02T11:59:49","guid":{"rendered":"https:\/\/votcorect.ro\/parlamentare-2020\/?page_id=3691"},"modified":"2020-12-03T07:40:23","modified_gmt":"2020-12-03T07:40:23","slug":"manualul-observatorului-parlamentare2020","status":"publish","type":"page","link":"https:\/\/votcorect.ro\/parlamentare-2020\/manualul-observatorului-parlamentare2020\/","title":{"rendered":"Manualul Observatorului la alegerile parlamentare"},"content":{"rendered":"<p><img loading=\"lazy\" decoding=\"async\" class=\"alignnone wp-image-3865\" src=\"https:\/\/votcorect.ro\/locale-2020\/wp-content\/uploads\/sites\/7\/2020\/09\/Active-citizens-fund@4x.png\" alt=\"\" width=\"131\" height=\"46\" \/><\/p>\n<p>&nbsp;<\/p>\n<p><strong><img loading=\"lazy\" decoding=\"async\" class=\" wp-image-3694 alignleft\" src=\"https:\/\/votcorect.ro\/parlamentare-2020\/wp-content\/uploads\/sites\/9\/2020\/12\/manual-observator-1.jpg\" alt=\"\" width=\"192\" height=\"273\" srcset=\"https:\/\/votcorect.ro\/parlamentare-2020\/wp-content\/uploads\/sites\/9\/2020\/12\/manual-observator-1.jpg 493w, https:\/\/votcorect.ro\/parlamentare-2020\/wp-content\/uploads\/sites\/9\/2020\/12\/manual-observator-1-337x480.jpg 337w\" sizes=\"auto, (max-width: 192px) 100vw, 192px\" \/>Manualul Observatorului<\/strong> con\u0163ine informa\u021bii detaliate despre rolul observatorului \u015fi despre principalele aspecte legate de procesul electoral. Fiecare sec\u021biune are explica\u021bii \u0219i trimiteri la cadrul legislativ (legi, ordonan\u021be de urgen\u021b\u0103, decizii ale BEC).<\/p>\n<p>Aceast\u0103 versiune este simplificat\u0103 fa\u021b\u0103 de Manualul Observatorului utilizat de observatorii FiecareVot \u0219i poate fi folosit\u0103 de orice persoan\u0103 interesat\u0103 de observare. Pentru asisten\u021b\u0103 \u00een zilele alegerilor, ne pute\u021bi contacta la numerele de mai jos.<\/p>\n<p><a class=\"btn btn-primary shadow\" style=\"text-shadow: 1px 1px 1px rgba(0,0,0,.2); color: white; font-size: 18px; box-shadow: 2px 1px .5ex rgba(0,0,0,.1);\" href=\"https:\/\/votcorect.ro\/parlamentare-2020\/wp-content\/uploads\/sites\/9\/2020\/12\/Manual-FV-parlamentare-2020.pdf\">Descarc\u0103 manual<\/a><\/p>\n<p><small>Pentru orice informa\u021bii suplimentare, v\u0103 rug\u0103m s\u0103-l contacta\u021bi pe <a href=\"mailto:&#115;&#101;p&#116;i&#109;&#105;&#117;&#115;.&#112;a&#114;v&#117;&#64;&#101;&#120;per&#116;f&#111;r&#117;&#109;.r&#111;\">sep&#116;i&#109;&#105;us&#46;&#112;a&#114;&#118;&#117;&#64;&#101;&#120;p&#101;rt&#102;&#111;&#114;&#117;&#109;&#46;&#114;o<\/a><\/small><\/p>\n<p>&nbsp;<\/p>\n<p>&nbsp;<\/p>\n<p style=\"text-align: center;\">Pentru alte informa\u021bii legate de ziua alegerilor, nepute\u021bi contacta pe www.votcorect.ro sau la call center-ul FiecareVot.<\/p>\n<p><img loading=\"lazy\" decoding=\"async\" class=\"aligncenter wp-image-3696 size-large\" src=\"https:\/\/votcorect.ro\/parlamentare-2020\/wp-content\/uploads\/sites\/9\/2020\/12\/call-center-1-1024x536.jpg\" alt=\"\" width=\"640\" height=\"335\" srcset=\"https:\/\/votcorect.ro\/parlamentare-2020\/wp-content\/uploads\/sites\/9\/2020\/12\/call-center-1-1024x536.jpg 1024w, https:\/\/votcorect.ro\/parlamentare-2020\/wp-content\/uploads\/sites\/9\/2020\/12\/call-center-1-480x251.jpg 480w, https:\/\/votcorect.ro\/parlamentare-2020\/wp-content\/uploads\/sites\/9\/2020\/12\/call-center-1-768x402.jpg 768w, https:\/\/votcorect.ro\/parlamentare-2020\/wp-content\/uploads\/sites\/9\/2020\/12\/call-center-1-1536x804.jpg 1536w, https:\/\/votcorect.ro\/parlamentare-2020\/wp-content\/uploads\/sites\/9\/2020\/12\/call-center-1.jpg 2000w\" sizes=\"auto, (max-width: 640px) 100vw, 640px\" \/><\/p>\n<hr \/>\n<p><em>Material realizat in cadrul proiectului <\/em><a href=\"https:\/\/expertforum.ro\/observatori-pentru-alegeri-parlamentare-corecte-si-sigure\/\">Observatori pentru alegeri parlamentare corecte \u0219i sigure<\/a><em>, cu sprijinul financiar Active Citizens Fund Rom\u00e2nia, program finan\u021bat de Islanda, Liechtenstein \u0219i Norvegia prin Granturile SEE 2014-2021. Con\u021binutul acestui material nu reprezint\u0103 \u00een mod necesar pozi\u021bia oficial\u0103 a Granturilor SEE \u0219i Norvegiene 2014-2021; pentru mai multe informa\u021bii accesa\u021bi <\/em><a href=\"http:\/\/www.eeagrants.org\"><em>www.eeagrants.org<\/em><\/a><em>.<\/em><\/p>\n<p><img loading=\"lazy\" decoding=\"async\" class=\"alignnone wp-image-3464\" src=\"https:\/\/votcorect.ro\/locale-2020\/wp-content\/uploads\/sites\/7\/2020\/08\/efor-logo.jpg\" alt=\"\" width=\"75\" height=\"43\" \/>\u00a0 \u00a0 <img loading=\"lazy\" decoding=\"async\" class=\"alignnone size-full wp-image-3463\" src=\"https:\/\/votcorect.ro\/locale-2020\/wp-content\/uploads\/sites\/7\/2020\/08\/logoCrc.png\" alt=\"\" width=\"120\" height=\"46\" \/><\/p>\n<p><small><em>Proiect derulat de Expert Forum<\/em><em> \u00een parteneriat cu Centrul pentru Resurse Civice.\u00a0 Material tip\u0103rit de Expert Forum, decembrie 2020.<br \/>\n<\/em><\/small><\/p>\n","protected":false},"excerpt":{"rendered":"<p>&nbsp; Manualul Observatorului con\u0163ine informa\u021bii detaliate despre rolul observatorului \u015fi despre principalele aspecte legate de procesul electoral. Fiecare sec\u021biune are explica\u021bii \u0219i trimiteri la cadrul legislativ (legi, ordonan\u021be de urgen\u021b\u0103, decizii ale BEC). Aceast\u0103 versiune este simplificat\u0103 fa\u021b\u0103 de Manualul Observatorului utilizat de observatorii FiecareVot \u0219i poate fi folosit\u0103 de orice persoan\u0103 interesat\u0103 de observare. [&hellip;]<\/p>\n","protected":false},"author":2,"featured_media":0,"parent":0,"menu_order":0,"comment_status":"closed","ping_status":"closed","template":"","meta":{"_acf_changed":false,"footnotes":""},"class_list":["post-3691","page","type-page","status-publish","hentry"],"acf":[],"_links":{"self":[{"href":"https:\/\/votcorect.ro\/parlamentare-2020\/wp-json\/wp\/v2\/pages\/3691","targetHints":{"allow":["GET"]}}],"collection":[{"href":"https:\/\/votcorect.ro\/parlamentare-2020\/wp-json\/wp\/v2\/pages"}],"about":[{"href":"https:\/\/votcorect.ro\/parlamentare-2020\/wp-json\/wp\/v2\/types\/page"}],"author":[{"embeddable":true,"href":"https:\/\/votcorect.ro\/parlamentare-2020\/wp-json\/wp\/v2\/users\/2"}],"replies":[{"embeddable":true,"href":"https:\/\/votcorect.ro\/parlamentare-2020\/wp-json\/wp\/v2\/comments?post=3691"}],"version-history":[{"count":4,"href":"https:\/\/votcorect.ro\/parlamentare-2020\/wp-json\/wp\/v2\/pages\/3691\/revisions"}],"predecessor-version":[{"id":3705,"href":"https:\/\/votcorect.ro\/parlamentare-2020\/wp-json\/wp\/v2\/pages\/3691\/revisions\/3705"}],"wp:attachment":[{"href":"https:\/\/votcorect.ro\/parlamentare-2020\/wp-json\/wp\/v2\/media?parent=3691"}],"curies":[{"name":"wp","href":"https:\/\/api.w.org\/{rel}","templated":true}]}}