{"id":3582,"date":"2020-11-18T19:39:21","date_gmt":"2020-11-18T19:39:21","guid":{"rendered":"https:\/\/votcorect.ro\/parlamentare-2020\/?page_id=3582"},"modified":"2020-12-05T11:39:05","modified_gmt":"2020-12-05T11:39:05","slug":"harta-sectii-votare-strainatate","status":"publish","type":"page","link":"https:\/\/votcorect.ro\/parlamentare-2020\/harta-sectii-votare-strainatate\/","title":{"rendered":"Harta sec\u021biilor de votare din str\u0103in\u0103tate"},"content":{"rendered":"<p><em>V\u0103 recomand\u0103m s\u0103 urm\u0103ri\u021bi \u0219i paginile web, respectiv Facebook ale ambasadelor din \u021b\u0103rile dumneavoastr\u0103, \u00een cazul exist\u0103 orice restric\u021bii sau limit\u0103ri legate de lista sec\u021biilor de votare sau func\u021bionarea acestora. Unele sec\u021bii de votare \u0219i-au schimbat sediile, astfel c\u0103 verifica\u021bi cu aten\u021bie adresa.<\/em><\/p>\n<p id=\"p--1\" class=\"showOnlyNotesChild notable connected\" data-titluscurt=\"List\u0103\">Lista sediilor sec\u021biilor de votare din str\u0103in\u0103tate la alegerile pentru Senat \u0219i Camera Deputa\u021bilor din anul 2020 aprobat\u0103 prin <a href=\"http:\/\/legislatie.just.ro\/Public\/DetaliiDocument\/233449\">Hot\u0103r\u00e2rea AEP 26\/2020,<\/a> din 18.11.2020 include modific\u0103rile aduse prin urm\u0103toarele acte: Hot\u0103r\u00e2re\u00a0<a class=\"lp\" title=\"Hot\u0103r\u00e2rea nr. 32\/2020 privind modificarea listei sediilor sec\u021biilor de votare din str\u0103in\u0103tate la alegerile pentru Senat \u0219i Camera Deputa\u021bilor din anul 2020, aprobat\u0103 prin Hot\u0103r\u00e2rea Autorit\u0103\u021bii Electorale Permanente nr. 26\/2020, precum \u0219i unele m\u0103suri pentru buna organizare a acestora\" href=\"https:\/\/lege5.ro\/App\/Document\/gm4tenjzgu4a\/alegeconsolidare&amp;idDocA=3936858\" rel=\"nofollow\">32\/2020<\/a>; Hot\u0103r\u00e2re\u00a0<a class=\"lp\" title=\"Hot\u0103r\u00e2rea nr. 33\/2020 privind modificarea listei sediilor sec\u021biilor de votare din str\u0103in\u0103tate la alegerile pentru Senat \u0219i Camera Deputa\u021bilor din anul 2020, aprobat\u0103 prin Hot\u0103r\u00e2rea Autorit\u0103\u021bii Electorale Permanente nr. 26\/2020\" href=\"https:\/\/lege5.ro\/App\/Document\/gm4tenjzgu4a\/alegeconsolidare&amp;idDocA=3938434\" rel=\"nofollow\">33\/2020<\/a>; Hot\u0103r\u00e2re\u00a0<a class=\"lp\" title=\"Hot\u0103r\u00e2rea nr. 35\/2020 privind modificarea pozi\u021biei nr. 427 din lista sediilor sec\u021biilor de votare din str\u0103in\u0103tate la alegerile pentru Senat \u0219i Camera Deputa\u021bilor din anul 2020, aprobat\u0103 prin Hot\u0103r\u00e2rea Autorit\u0103\u021bii Electorale Permanente nr. 26\/2020\" href=\"https:\/\/lege5.ro\/App\/Document\/gm4tenjzgu4a\/alegeconsolidare&amp;idDocA=3940911\" rel=\"nofollow\">35\/2020<\/a>.<\/p>\n<p><iframe loading=\"lazy\" src=\"https:\/\/www.google.com\/maps\/d\/u\/0\/embed?mid=1s5y91hKfsp0CR0d-rxLemZQplABQrARG\" width=\"1234\" height=\"480\"><span data-mce-type=\"bookmark\" style=\"display: inline-block; width: 0px; overflow: hidden; line-height: 0;\" class=\"mce_SELRES_start\">\ufeff<\/span><span data-mce-type=\"bookmark\" style=\"display: inline-block; width: 0px; overflow: hidden; line-height: 0;\" class=\"mce_SELRES_start\">\ufeff<\/span><\/iframe><\/p>\n<p style=\"text-align: center;\"><mark>Vezi aici \u0219i <a href=\"https:\/\/www.mae.ro\/maps\/4083\">Harta sec\u021biilor de votare dezvoltat\u0103 de MAE<\/a>.<\/mark><\/p>\n<p><a href=\"https:\/\/www.mae.ro\/maps\/4083\"><img loading=\"lazy\" decoding=\"async\" class=\"size-full wp-image-3745 aligncenter\" src=\"https:\/\/votcorect.ro\/parlamentare-2020\/wp-content\/uploads\/sites\/9\/2020\/12\/harta.png\" alt=\"\" width=\"1234\" height=\"711\" srcset=\"https:\/\/votcorect.ro\/parlamentare-2020\/wp-content\/uploads\/sites\/9\/2020\/12\/harta.png 1234w, https:\/\/votcorect.ro\/parlamentare-2020\/wp-content\/uploads\/sites\/9\/2020\/12\/harta-480x277.png 480w, https:\/\/votcorect.ro\/parlamentare-2020\/wp-content\/uploads\/sites\/9\/2020\/12\/harta-1024x590.png 1024w, https:\/\/votcorect.ro\/parlamentare-2020\/wp-content\/uploads\/sites\/9\/2020\/12\/harta-768x443.png 768w\" sizes=\"auto, (max-width: 1234px) 100vw, 1234px\" \/><\/a><\/p>\n<p>Conform art. 23 din Legea 208\/2015, sec\u021biile de votare se \u00eenfiin\u021beaz\u0103:<\/p>\n<ul>\n<li>pe l\u00e2ng\u0103 toate misiunile diplomatice \u015fi oficiile consulare, sec\u0163iile consulare dac\u0103 acestea \u00ee\u015fi au sediul \u00een alt\u0103 loca\u0163ie, precum \u015fi pe l\u00e2ng\u0103 institutele culturale din str\u0103in\u0103tate.<\/li>\n<li>\u00cen alte spa\u021bii, cu acordul autorit\u0103\u0163ilor din \u0163ara respectiv\u0103.<\/li>\n<li>\u00cen localit\u0103\u0163ile sau grupurile de localit\u0103\u0163i \u00een care \u00ee\u015fi au domiciliul sau re\u015fedin\u0163a cel pu\u021bin 100 de aleg\u0103tori, conform Registrului electoral &#8211; adic\u0103 acolo unde au existat cereri prin intermediul portalului votstrainatate.ro<\/li>\n<\/ul>\n<p><a href=\"https:\/\/www.roaep.ro\/prezentare\/wp-content\/uploads\/2020\/11\/Lista-sediilor-sectiilor-de-votare-din-strainatate-18.11.2020.docx\">Sursa date<\/a><\/p>\n","protected":false},"excerpt":{"rendered":"<p>V\u0103 recomand\u0103m s\u0103 urm\u0103ri\u021bi \u0219i paginile web, respectiv Facebook ale ambasadelor din \u021b\u0103rile dumneavoastr\u0103, \u00een cazul exist\u0103 orice restric\u021bii sau limit\u0103ri legate de lista sec\u021biilor de votare sau func\u021bionarea acestora. Unele sec\u021bii de votare \u0219i-au schimbat sediile, astfel c\u0103 verifica\u021bi cu aten\u021bie adresa. Lista sediilor sec\u021biilor de votare din str\u0103in\u0103tate la alegerile pentru Senat \u0219i [&hellip;]<\/p>\n","protected":false},"author":2,"featured_media":0,"parent":0,"menu_order":0,"comment_status":"closed","ping_status":"closed","template":"template-full-width.php","meta":{"_acf_changed":false,"footnotes":""},"class_list":["post-3582","page","type-page","status-publish","hentry"],"acf":[],"_links":{"self":[{"href":"https:\/\/votcorect.ro\/parlamentare-2020\/wp-json\/wp\/v2\/pages\/3582","targetHints":{"allow":["GET"]}}],"collection":[{"href":"https:\/\/votcorect.ro\/parlamentare-2020\/wp-json\/wp\/v2\/pages"}],"about":[{"href":"https:\/\/votcorect.ro\/parlamentare-2020\/wp-json\/wp\/v2\/types\/page"}],"author":[{"embeddable":true,"href":"https:\/\/votcorect.ro\/parlamentare-2020\/wp-json\/wp\/v2\/users\/2"}],"replies":[{"embeddable":true,"href":"https:\/\/votcorect.ro\/parlamentare-2020\/wp-json\/wp\/v2\/comments?post=3582"}],"version-history":[{"count":15,"href":"https:\/\/votcorect.ro\/parlamentare-2020\/wp-json\/wp\/v2\/pages\/3582\/revisions"}],"predecessor-version":[{"id":3752,"href":"https:\/\/votcorect.ro\/parlamentare-2020\/wp-json\/wp\/v2\/pages\/3582\/revisions\/3752"}],"wp:attachment":[{"href":"https:\/\/votcorect.ro\/parlamentare-2020\/wp-json\/wp\/v2\/media?parent=3582"}],"curies":[{"name":"wp","href":"https:\/\/api.w.org\/{rel}","templated":true}]}}