{"id":569,"date":"2018-09-19T08:29:38","date_gmt":"2018-09-19T08:29:38","guid":{"rendered":"https:\/\/votcorect.ro\/locale-2020\/?page_id=569"},"modified":"2020-08-12T16:53:07","modified_gmt":"2020-08-12T16:53:07","slug":"despre-proiect","status":"publish","type":"page","link":"https:\/\/votcorect.ro\/locale-2020\/despre-proiect\/","title":{"rendered":"Despre noi \/ contact"},"content":{"rendered":"<div class=\"textbox\">\n<p style=\"text-align: left;\">Platforma <a href=\"https:\/\/votcorect.ro\">Vot Corect<\/a> este administrat\u0103 de <a href=\"https:\/\/expertforum.ro\">Asocia\u021bia Expert Forum.\u00a0<\/a><br \/>\n<small><\/small><\/p>\n<p><small>Pentru orice comentarii sau \u00eentreb\u0103ri, ne pute\u021bi contacta la <a href=\"mailto:septimius.parvu@expertforum.ro\">septimius.parvu@expertforum.ro<\/a> \/\u00a0 <a href=\"tel:0787638315\">0787.638.315<\/a>.<\/small><\/p>\n<\/div>\n<header class=\"entry-header\"><\/header>\n<div>\n<p>&nbsp;<\/p>\n<p><strong>Despre proiect<\/strong><\/p>\n<\/div>\n<p>&nbsp;<\/p>\n<p><img loading=\"lazy\" decoding=\"async\" class=\"alignnone wp-image-3462\" src=\"https:\/\/votcorect.ro\/locale-2020\/wp-content\/uploads\/sites\/7\/2020\/08\/Active-citizens-fund@4x.png\" alt=\"\" width=\"140\" height=\"49\" srcset=\"https:\/\/votcorect.ro\/locale-2020\/wp-content\/uploads\/sites\/7\/2020\/08\/Active-citizens-fund@4x.png 3342w, https:\/\/votcorect.ro\/locale-2020\/wp-content\/uploads\/sites\/7\/2020\/08\/Active-citizens-fund@4x-480x168.png 480w, https:\/\/votcorect.ro\/locale-2020\/wp-content\/uploads\/sites\/7\/2020\/08\/Active-citizens-fund@4x-1024x359.png 1024w, https:\/\/votcorect.ro\/locale-2020\/wp-content\/uploads\/sites\/7\/2020\/08\/Active-citizens-fund@4x-768x270.png 768w, https:\/\/votcorect.ro\/locale-2020\/wp-content\/uploads\/sites\/7\/2020\/08\/Active-citizens-fund@4x-1536x539.png 1536w, https:\/\/votcorect.ro\/locale-2020\/wp-content\/uploads\/sites\/7\/2020\/08\/Active-citizens-fund@4x-2048x719.png 2048w\" sizes=\"auto, (max-width: 140px) 100vw, 140px\" \/><\/p>\n<p>&nbsp;<\/p>\n<div>\n<h2><mark class=\"underlined\">Alegeri locale corecte \u0219i transparente \u2013 ACT<\/mark><\/h2>\n<p>&nbsp;<\/p>\n<p>Proiectul continu\u0103 activitatea EFOR \u00eenceput\u0103 \u00een 2014 \u0219i consolidat\u0103 \u00een 2016 prin aderarea la <a href=\"http:\/\/www.fiecarevot.ro\">Coali\u021bia FiecareVot<\/a>, singura care a colectat date din sec\u021biile de votare \u0219i care a lansat rapoarte de monitorizare care au rolul de a \u00eembun\u0103t\u0103\u021bi procesele electorale \u00een ultimii ani.<\/p>\n<p>\u00cenc\u0103 de la \u00eenceputul anului, EFOR a luat mai multe pozi\u021bii publice cu privire la nereguli flagrante privind <a href=\"https:\/\/expertforum.ro\/lasati-alegatorii-sa-voteze-la-locale\">\u00eenregistrarea aleg\u0103torilor<\/a> sau <a href=\"https:\/\/expertforum.ro\/subventii-dedicatie-2020\/\">finan\u021barea partidelor politice<\/a>. De asemenea, \u00een timpul st\u0103rii de urgen\u021b\u0103 am <a href=\"https:\/\/expertforum.ro\/alegeri-locale-pandemie-scenarii\/\">organizat mai multe discu\u021bii<\/a> cu parteneri institu\u021bionali \u0219i exper\u021bi interna\u021bionali despre modul \u00een care ar putea fi organizate alegerile locale din 2020, pornind de la propriile propuneri de politici publice. O discu\u021bie separat\u0103 <a href=\"https:\/\/expertforum.ro\/partide-alegeri-2020\/\">a adus laolalt\u0103 liderii<\/a> partidelor politice din Rom\u00e2nia pentru a prezenta viziunea lor cu privire la modalit\u0103\u021bile tehnice \u0219i strategiile politice.<\/p>\n<p>Proiectul are <strong>scopul<\/strong> de a monitoriza procesul de modificare a legisla\u021biei electorale pentru alegerile locale din 2020 \u0219i de a asigura interven\u021bia EFOR \u00een regim de urgen\u021b\u0103 prin instrumente legale \u0219i reac\u021bii publice.<\/p>\n<h2><strong>Obiectivele proiectului<\/strong><\/h2>\n<p>&nbsp;<\/p>\n<ul>\n<li>Asigurarea transparen\u021bei \u0219i corectitudinii procesului electoral pentru alegerile locale \u0219i parlamentare din 2020 prin monitorizarea legisla\u021biei \u0219i reac\u021bii publice \u00een regim de urgen\u021b\u0103 pentru o perioada de cinci luni<\/li>\n<li>Informarea unui num\u0103r de 50.000 de cet\u0103\u021beni cu privire la regulile procesului electoral prin asigurarea de asisten\u021b\u0103 de specialitate pentru o perioad\u0103 de trei luni<\/li>\n<li>Monitorizarea procesului electoral de c\u0103tre 400 de observatori acredita\u021bi de Coali\u021bia FiecareVot pentru a asigura corectitudinea modului de organizare a alegerilor locale, implementarea legisla\u021biei \u0219i informarea aleg\u0103torilor<\/li>\n<\/ul>\n<p>Alegerile se vor desf\u0103\u0219ura \u021bin\u00e2nd cont de anumite provoc\u0103ri care pot afecta transparen\u021ba \u0219i integritatea procesului electoral, dintre care enumer\u0103m m\u0103surile-r\u0103spuns la pandemia cauzat\u0103 de COVID-19, num\u0103rul mare de amendamente legislative sau termenele scurte pentru implementarea opera\u021biunilor electorale. Astfel, EFOR \u0219i partenerii vor monitoriza aceste schimb\u0103ri legislative sau practice \u0219i modul \u00een care vor fi implementate.<\/p>\n<p>Pentru a asigura informarea publicului, EFOR va desf\u0103\u0219ura o campanie de informare pentru cel pu\u021bin 50.000 de persoane prin intermediul portalulul\u00a0<a href=\"http:\/\/www.votcorect.ro\/\">www.votcorect.ro<\/a>, iar \u00een ziua alegerilor va organiza un centru de asisten\u021b\u0103 electoral\u0103 (serviciu Telverde). Campania online va detalia regulile tehnice ale procesului electoral, incluz\u00e2nd \u00eenregistrarea aleg\u0103torilor (vize de flotant, domiciliu vs resedinta etc), informa\u021bii privind documente (cum se reinnoiesc documentele, cu ce documente se poate vota), calendarul electoral, campania electoral\u0103 (regulile de campanie), procedurile de votare (ziua votului, transparenta procesului, centralizarea rezultatelor) etc.<\/p>\n<p>Ziua alegerilor va fi monitorizat\u0103 cu minim 400 de observatori, acredita\u021bi \u00een toat\u0103 \u021bara, pentru care se vor organiza sesiuni de preg\u0103tire. Rezultatele procesului de monitorizare vor fi promovate \u00een timp real, prin intermediul comunicatelor de pres\u0103. \u00cen ziua \u0219i preziua alegerilor, vom asigura asisten\u021b\u0103 electoral\u0103 aleg\u0103torilor \u0219i observatorilor prin intermediul serviciului Telverde 0800 080 200, operat de juri\u0219ti \u0219i exper\u021bi electorali. Vom deschide mai multe linii telefonice, care vor fi disponibile conform programului de votare. EFOR va r\u0103spunde \u00een timp real \u00eentreb\u0103rilor adresate prin intermediul <a href=\"http:\/\/www.votcorect.ro\">www.votcorect.ro<\/a>. \u00cen plus, vom reac\u021biona rapid la orice nereguli sau punctuale legate de votare \u0219i vom transmite sesiz\u0103ri institu\u021biilor relevante \u2013 birourile electorale, AEP, Poli\u021bie etc. La europarlamentarele din 2019, peste 1200 de persoane au transmis sesiz\u0103ri sau au adresat \u00eentreb\u0103ri echipei Vot Corect. Peste jum\u0103tate dintre ele au fost transmise AEP \u0219i MAE, fapt care a contribuit la modificarea legisla\u021biei electorale pentru votul \u00een str\u0103in\u0103tate.<\/p>\n<p>Rapoartele de monitorizare a alegerilor au avut un rol important \u00een evaluarea independent\u0103 a proceselor electorale, precum \u0219i la identificarea unor solu\u021bii care pot \u00eembun\u0103t\u0103\u021bi modul de organizare a alegerilor. FiecareVot a \u00eenceput construirea unei baze de date cu recomand\u0103ri, pe care le va urm\u0103ri la toate procesele electorale viitoare pentru a se asigura c\u0103 acestea vor fi implementate. De asemenea, reac\u021biile rapide ale EFOR \u0219i organiza\u021biilor membre ale Coali\u021biei FiecareVot au avut deseori impact \u00eentruc\u00e2t au atras aten\u021bia public\u0103. Ne propunem ca prin intermediul unor astfel de reac\u021bii rapide \u0219i a raportului s\u0103 deschidem calea, prin negocieri cu deciden\u021bii, c\u0103tre reforma electoral\u0103.<\/p>\n<p>EFOR va coordona \u0219i va sus\u021bine dezvoltarea capacit\u0103\u021bii coali\u021biei FiecareVot format\u0103 din organiza\u021bii din Bucure\u0219ti \u0219i alte ora\u0219e din \u021bar\u0103. Partenerul \u2013 Centrul pentru resurse Civice \u2013 va coordona activit\u0103\u021bile de training si observare \u00een regiunile Est \u0219i Sud Est \u0219i va contribui la eforturile de informare a aleg\u0103torilor. Proiectul va contribui at\u00e2t de la dezvzoltarea unei comunit\u0103\u021bi civice implicate \u00een monitorizarea alegerilor, c\u00e2t \u0219i la cre\u0219terea capacit\u0103\u021bii \u0219i sustenabilit\u0103\u021bii ONG-urilor.<\/p>\n<h2><strong>Activit\u0103\u021bile proiectului<\/strong><\/h2>\n<p>&nbsp;<\/p>\n<ul>\n<li>Monitorizarea legisla\u021biei \u0219i modului de organizare a procesului electoral<\/li>\n<li>Organizarea unui workshop de evaluare \u0219i planificare a activit\u0103\u021bii coali\u021biei FiecareVot<\/li>\n<li>Organizarea unei campanii de informare a aleg\u0103torilor cu privire la regulile procesului electoral<\/li>\n<li>Acreditarea unui num\u0103r de 400 de observatori<\/li>\n<li>Preg\u0103tirea observatorilor acredita\u021bi<\/li>\n<li>Monitorizarea zilei vot\u0103rii<\/li>\n<li>Asigurarea de asisten\u021b\u0103 aleg\u0103torilor \u00een ziua vot\u0103rii<\/li>\n<li>Realizarea unui raport de monitorizare a alegerilor<\/li>\n<li>Lansarea public\u0103 a raportului de monitorizare a alegerilor<\/li>\n<\/ul>\n<p>&nbsp;<\/p>\n<h2><strong>Perioada de implementare<\/strong><\/h2>\n<p>august \u2013 decembrie 2020<\/p>\n<p>&nbsp;<\/p>\n<p><em>Proiect derulat de<\/em><\/p>\n<p><img loading=\"lazy\" decoding=\"async\" class=\"alignnone wp-image-3464\" src=\"https:\/\/votcorect.ro\/locale-2020\/wp-content\/uploads\/sites\/7\/2020\/08\/efor-logo.jpg\" alt=\"\" width=\"76\" height=\"43\" srcset=\"https:\/\/votcorect.ro\/locale-2020\/wp-content\/uploads\/sites\/7\/2020\/08\/efor-logo.jpg 960w, https:\/\/votcorect.ro\/locale-2020\/wp-content\/uploads\/sites\/7\/2020\/08\/efor-logo-480x274.jpg 480w, https:\/\/votcorect.ro\/locale-2020\/wp-content\/uploads\/sites\/7\/2020\/08\/efor-logo-768x438.jpg 768w\" sizes=\"auto, (max-width: 76px) 100vw, 76px\" \/> <img loading=\"lazy\" decoding=\"async\" class=\"alignnone wp-image-3463\" src=\"https:\/\/votcorect.ro\/locale-2020\/wp-content\/uploads\/sites\/7\/2020\/08\/logoCrc.png\" alt=\"\" width=\"103\" height=\"40\" \/><\/p>\n<p><em>Proiectul este derulat de Asocia\u021bia Expert Forum, \u00een parteneriat cu Centrul pentru Resurse Civice \u0219i beneficiaz\u0103 de o finan\u021bare \u00een valoare de 13.493,90 euro, prin programul Active Citizens Fund Rom\u00e2nia, finan\u021bat de Islanda, Liechtenstein \u0219i Norvegia prin Granturile SEE 2014-2021. Con\u021binutul acestui website nu reprezint\u0103 \u00een mod necesar pozi\u021bia oficial\u0103 a Granturilor SEE \u0219i Norvegiene 2014-2021; pentru mai multe informa\u021bii accesa\u021bi <a href=\"http:\/\/www.eeagrants.org\">www.eeagrants.org<\/a>.<\/em><\/p>\n<p><em>Informa\u021bii suplimentare pot fi g\u0103site pe paginile web <a href=\"http:\/\/www.activecitizensfund.ro\">www.activecitizensfund.ro<\/a> \u0219i <a href=\"http:\/\/www.eeagrants.org\">www.eeagrants.org<\/a>.<\/em><\/p>\n<p><em>&#8222;Lucr\u0103m \u00eempreun\u0103 pentru o Europ\u0103 verde, competitiv\u0103 \u0219i incluziv\u0103&#8221;.<\/em><\/p>\n<\/div>\n","protected":false},"excerpt":{"rendered":"<p>Platforma Vot Corect este administrat\u0103 de Asocia\u021bia Expert Forum.\u00a0 Pentru orice comentarii sau \u00eentreb\u0103ri, ne pute\u021bi contacta la septimius.parvu@expertforum.ro \/\u00a0 0787.638.315. &nbsp; Despre proiect &nbsp; &nbsp; Alegeri locale corecte \u0219i transparente \u2013 ACT &nbsp; Proiectul continu\u0103 activitatea EFOR \u00eenceput\u0103 \u00een 2014 \u0219i consolidat\u0103 \u00een 2016 prin aderarea la Coali\u021bia FiecareVot, singura care a colectat date [&hellip;]<\/p>\n","protected":false},"author":2,"featured_media":0,"parent":0,"menu_order":0,"comment_status":"closed","ping_status":"closed","template":"","meta":{"_acf_changed":false,"footnotes":""},"class_list":["post-569","page","type-page","status-publish","hentry"],"acf":[],"_links":{"self":[{"href":"https:\/\/votcorect.ro\/locale-2020\/wp-json\/wp\/v2\/pages\/569","targetHints":{"allow":["GET"]}}],"collection":[{"href":"https:\/\/votcorect.ro\/locale-2020\/wp-json\/wp\/v2\/pages"}],"about":[{"href":"https:\/\/votcorect.ro\/locale-2020\/wp-json\/wp\/v2\/types\/page"}],"author":[{"embeddable":true,"href":"https:\/\/votcorect.ro\/locale-2020\/wp-json\/wp\/v2\/users\/2"}],"replies":[{"embeddable":true,"href":"https:\/\/votcorect.ro\/locale-2020\/wp-json\/wp\/v2\/comments?post=569"}],"version-history":[{"count":24,"href":"https:\/\/votcorect.ro\/locale-2020\/wp-json\/wp\/v2\/pages\/569\/revisions"}],"predecessor-version":[{"id":3472,"href":"https:\/\/votcorect.ro\/locale-2020\/wp-json\/wp\/v2\/pages\/569\/revisions\/3472"}],"wp:attachment":[{"href":"https:\/\/votcorect.ro\/locale-2020\/wp-json\/wp\/v2\/media?parent=569"}],"curies":[{"name":"wp","href":"https:\/\/api.w.org\/{rel}","templated":true}]}}