{"id":3606,"date":"2020-09-03T17:05:11","date_gmt":"2020-09-03T17:05:11","guid":{"rendered":"https:\/\/votcorect.ro\/locale-2020\/?page_id=3606"},"modified":"2020-09-12T10:52:14","modified_gmt":"2020-09-12T10:52:14","slug":"candidati-locale","status":"publish","type":"page","link":"https:\/\/votcorect.ro\/locale-2020\/candidati-locale\/","title":{"rendered":"Candida\u021bi locale"},"content":{"rendered":"<div id=\"viz1599159567578\" class=\"tableauPlaceholder\" style=\"position: relative;\"><noscript><a href='#'><img alt=' ' src='https:\/\/public.tableau.com\/static\/images\/Li\/Listecandidati\/Dashboardconsiliujudetean\/1_rss.png' style='border: none' \/><\/a><\/noscript><object class=\"tableauViz\" style=\"display: none;\" width=\"300\" height=\"150\"><param name=\"host_url\" value=\"https%3A%2F%2Fpublic.tableau.com%2F\" \/><param name=\"embed_code_version\" value=\"3\" \/><param name=\"site_root\" value=\"\" \/><param name=\"name\" value=\"Listecandidati\/Dashboardconsiliujudetean\" \/><param name=\"tabs\" value=\"no\" \/><param name=\"toolbar\" value=\"no\" \/><span data-mce-type=\"bookmark\" style=\"display: inline-block; width: 0px; overflow: hidden; line-height: 0;\" class=\"mce_SELRES_start\">\ufeff<\/span><param name=\"static_image\" value=\"https:\/\/public.tableau.com\/static\/images\/Li\/Listecandidati\/Dashboardconsiliujudetean\/1.png\" \/><span data-mce-type=\"bookmark\" style=\"display: inline-block; width: 0px; overflow: hidden; line-height: 0;\" class=\"mce_SELRES_end\">\ufeff<\/span><param name=\"animate_transition\" value=\"yes\" \/><param name=\"display_static_image\" value=\"yes\" \/><param name=\"display_spinner\" value=\"yes\" \/><param name=\"display_overlay\" value=\"yes\" \/><param name=\"display_count\" value=\"yes\" \/><param name=\"language\" value=\"en\" \/><\/object><\/div>\n<p><script type='text\/javascript'>                    var divElement = document.getElementById('viz1599159567578');                    var vizElement = divElement.getElementsByTagName('object')[0];                    if ( divElement.offsetWidth > 800 ) { vizElement.style.width='992px';vizElement.style.height='800px';} else if ( divElement.offsetWidth > 500 ) { vizElement.style.width='992px';vizElement.style.height='800px';} else { vizElement.style.width='100%';vizElement.style.height='900px';}                     var scriptElement = document.createElement('script');                    scriptElement.src = 'https:\/\/public.tableau.com\/javascripts\/api\/viz_v1.js';                    vizElement.parentNode.insertBefore(scriptElement, vizElement);                <\/script><\/p>\n<p style=\"text-align: center;\"><a href=\"https:\/\/votcorect.ro\/liste-candidati\/\">Po\u021bi c\u0103uta aici \u00een varianta f\u0103r\u0103 hart\u0103<\/a> (se \u00eencarc\u0103 mai rapid).<\/p>\n<p><a href=\"https:\/\/votcorect.ro\/liste-candidati\/\"><img loading=\"lazy\" decoding=\"async\" class=\"wp-image-3625 aligncenter\" src=\"https:\/\/votcorect.ro\/locale-2020\/wp-content\/uploads\/sites\/7\/2020\/09\/harta-text.png\" alt=\"\" width=\"579\" height=\"369\" srcset=\"https:\/\/votcorect.ro\/locale-2020\/wp-content\/uploads\/sites\/7\/2020\/09\/harta-text.png 1342w, https:\/\/votcorect.ro\/locale-2020\/wp-content\/uploads\/sites\/7\/2020\/09\/harta-text-480x306.png 480w, https:\/\/votcorect.ro\/locale-2020\/wp-content\/uploads\/sites\/7\/2020\/09\/harta-text-1024x652.png 1024w, https:\/\/votcorect.ro\/locale-2020\/wp-content\/uploads\/sites\/7\/2020\/09\/harta-text-768x489.png 768w\" sizes=\"auto, (max-width: 579px) 100vw, 579px\" \/><\/a><\/p>\n<p><em>* baza de date reflect\u0103 documentele publicate pe 3 septembrie 2020. Fa\u021b\u0103 de informa\u021biile publicate la pr\u00e2nz au fost operate modific\u0103ri pe site-ul BEC la candida\u021bii de la jude\u021bul AR, care se reg\u0103sesc \u00een baza de date.\u00a0<\/em><\/p>\n<p><em>Multumim partenerilor care ne-au sprijin \u00een dezvoltarea acestei platforme.<\/em><\/p>\n<h3><mark class=\"underlined\">STATISTICI<\/mark><\/h3>\n<p>\u00cen primul r\u00e2nd, constat\u0103m c\u0103 \u00een acest an birourile electorale au centralizat mai pu\u021bine informa\u021bii dec\u00e2t \u00een 2016, c\u00e2nd se publicau \u0219i alte date precum data \u0219i anul na\u0219terii, cet\u0103\u021beania sau sexul candidatului. Reamintim c\u0103 \u00een 2016 <a href=\"https:\/\/expertforum.ro\/wp-content\/uploads\/2016\/07\/PB-50.pdf\">Expert Forum a ar\u0103tat<\/a> c\u0103 au existat 477 de candida\u021bi sub v\u00e2rsta legal\u0103 de 23 de ani. \u00cen condi\u021biile \u00een care nu se mai public\u0103 aceste date nu mai putem observa dac\u0103 exist\u0103 astfel de probleme \u00een acceptarea candidaturilor \u0219i nu mai putem realiza anumite analize detaliate.<\/p>\n<p>Lipsa unor informa\u021bii suplimentare nu permite nici verific\u0103ri suplimentare. Spre exemplu, \u00een urma analizei bazei de date am identificat nume similare care figureaz\u0103 de p\u00e2n\u0103 la 11 ori \u00een aceea\u0219i circumscrip\u021bie, f\u0103r\u0103 a putea \u0219ti dac\u0103 este vorba de aceea\u0219i persoan\u0103 sau nu:<\/p>\n<p><img loading=\"lazy\" decoding=\"async\" class=\"wp-image-3649 aligncenter\" src=\"https:\/\/votcorect.ro\/locale-2020\/wp-content\/uploads\/sites\/7\/2020\/09\/tabel.jpg\" alt=\"\" width=\"627\" height=\"190\" srcset=\"https:\/\/votcorect.ro\/locale-2020\/wp-content\/uploads\/sites\/7\/2020\/09\/tabel.jpg 1346w, https:\/\/votcorect.ro\/locale-2020\/wp-content\/uploads\/sites\/7\/2020\/09\/tabel-480x145.jpg 480w, https:\/\/votcorect.ro\/locale-2020\/wp-content\/uploads\/sites\/7\/2020\/09\/tabel-1024x310.jpg 1024w, https:\/\/votcorect.ro\/locale-2020\/wp-content\/uploads\/sites\/7\/2020\/09\/tabel-768x233.jpg 768w\" sizes=\"auto, (max-width: 627px) 100vw, 627px\" \/><\/p>\n<p><em><span style=\"text-decoration: underline;\">Update (12 septembrie)<\/span> &#8211; conform r\u0103spunsurilor primite de la birourile electorale de circumscrip\u021bie din Bogdan Vod\u0103 \u0219i Once\u0219ti, candida\u021bii sunt diferi\u021bi.\u00a0<\/em><\/p>\n<p>Baza de date centralizeaz\u0103 un num\u0103r de 256.042 candidaturi la func\u021biile de primar, consilier local, consilier jude\u021bean, pre\u0219edinte al consiliului jude\u021bean, primar sau consilier general. Platforma include at\u00e2t o variant\u0103 a datelor expuse sub form\u0103 de hart\u0103, c\u00e2t \u0219i una sub form\u0103 de text.<\/p>\n<p>Platforma include \u0219i o sec\u021biune dedicat\u0103 statisticilor, care reflect\u0103 printre altele:<\/p>\n<ul>\n<li>Num\u0103rul total de candidaturi (256.042) este u\u0219or mai sc\u0103zut dec\u00e2t \u00een 2016, c\u00e2nd s-au \u00eenregistrat 267.239 candidaturi<\/li>\n<li>\u00cen 75 de localit\u0103\u021bi exist\u0103 un singur candidat la prim\u0103rie, \u00een 400 c\u00e2te doi candida\u021bi, \u00een 717 c\u00e2te trei candida\u021bi, iar \u00een 718 c\u00e2te patru candida\u021bi<\/li>\n<li>Cele mai multe candidaturi, la toate nivelurile, s-au \u00eenregistrat \u00een jude\u021bele IA\u015eI &#8211; 9373, SUCEAVA &#8211; 9190, TIMI\u015e &#8211; 9009 , ARGE\u0218 &#8211; 8578, DOLJ \u2013 8531<\/li>\n<li>\u00cen total s-au \u00eenregistrat 1396 de candida\u021bi independen\u021bi, respectiv 1713 candidaturi din partea unor candida\u021bi independen\u021bi. S-au \u00eenregistrat mai pu\u021bine candidaturi din partea independen\u021bilor fa\u021b\u0103 de 2016, c\u00e2nd au fost 2280<\/li>\n<li>Cele mai multe candidaturi din partea unor candida\u021bi independen\u021bi se reg\u0103sesc \u00een jude\u021bele BRA\u015eOV \u2013 83, CONSTAN\u0162A &#8211; 66, MURE\u015e &#8211; 66, SUCEAVA \u2013 65, HARGHITA \u2013 63, BIHOR \u2013 62, COVASNA \u2013 62, ARGE\u015e &#8211; 61<\/li>\n<li>Cei mai mul\u021bi candida\u021bi independen\u021bi s-au orientat \u00eenspre consiliile locale (1103 de candidaturi) \u0219i prim\u0103rii (584 de candidaturi). Doar un candidat independent \u0219i-a depus candidatura la Consiliul general, iar 4 la prim\u0103rii de sector. Cei mai mul\u021bi candida\u021bi independen\u021bi sunt la Lumina (Constan\u021ba). \u00cen Bucure\u0219ti sunt 17 candida\u021bi independen\u021bi, la diverse niveluri de candidatur\u0103<\/li>\n<li>\u00cen afara Bucure\u0219tiului cei mai mul\u021bi candida\u021bi pentru func\u021bia de primar sunt la Constan\u021ba (17), Timi\u0219oara (15), Suceava, Cluj Napoca \u0219i Ia\u0219i (14), respectiv T\u00e2rgu Mure\u0219, Deva, Brasov, Botosani \u0219i Pite\u0219ti (13)<\/li>\n<li>Cele mai frecvente nume de candida\u021bi sunt: Ioan Pop (77), Gheorghe Popa (74), Vasile Pop (68), Constantin Popa (59), Ioan Popa (57), Ion Radu (54), Gheorghe Popescu (52), Constantin Popescu, Gheorghe Pop \u0219i Ion Popa (50). Unii dintre ace\u0219ti candida\u021bi\u0219i-au depus candidatura pentru mai multe func\u021bii, astfel c\u0103 numele se reg\u0103se\u0219te de mai multe ori \u00een baza de date.<\/li>\n<\/ul>\n<p style=\"text-align: center;\"><strong>Total candidati: 256.042 <\/strong>(unele persoane au candidat la mai multe func\u021bii)<\/p>\n<p style=\"text-align: center;\"><iframe loading=\"lazy\" src=\"https:\/\/docs.google.com\/spreadsheets\/d\/e\/2PACX-1vRZLSAb83yN7jaD61PSsIiEuK8bL7fnXODmsnrEQxeUfOVqbAmZ_Zzu_1-dTs3U16VwgVGppeDqwTC2\/pubchart?oid=774209599&amp;format=interactive\" width=\"600\" height=\"371\" frameborder=\"0\" scrolling=\"no\" seamless=\"\"><\/iframe><\/p>\n<p style=\"text-align: center;\"><iframe loading=\"lazy\" src=\"https:\/\/docs.google.com\/spreadsheets\/d\/e\/2PACX-1vRZLSAb83yN7jaD61PSsIiEuK8bL7fnXODmsnrEQxeUfOVqbAmZ_Zzu_1-dTs3U16VwgVGppeDqwTC2\/pubchart?oid=2054353839&amp;format=interactive\" width=\"624\" height=\"371\" frameborder=\"0\" scrolling=\"no\" seamless=\"\"><\/iframe><\/p>\n<p style=\"text-align: center;\"><iframe loading=\"lazy\" src=\"https:\/\/docs.google.com\/spreadsheets\/d\/e\/2PACX-1vRZLSAb83yN7jaD61PSsIiEuK8bL7fnXODmsnrEQxeUfOVqbAmZ_Zzu_1-dTs3U16VwgVGppeDqwTC2\/pubchart?oid=944877961&amp;format=interactive\" width=\"1015\" height=\"629\" frameborder=\"0\" scrolling=\"no\" seamless=\"\"><\/iframe><\/p>\n<p style=\"text-align: center;\"><i>Cele mai frecvente nume de candidati<\/i><\/p>\n<p style=\"text-align: center;\"><iframe loading=\"lazy\" src=\"https:\/\/docs.google.com\/spreadsheets\/d\/e\/2PACX-1vRZLSAb83yN7jaD61PSsIiEuK8bL7fnXODmsnrEQxeUfOVqbAmZ_Zzu_1-dTs3U16VwgVGppeDqwTC2\/pubchart?oid=1061389178&amp;format=interactive\" width=\"600\" height=\"371\" frameborder=\"0\" scrolling=\"no\" seamless=\"\"><\/iframe><\/p>\n<p style=\"text-align: center;\"><iframe loading=\"lazy\" src=\"https:\/\/docs.google.com\/spreadsheets\/d\/e\/2PACX-1vRZLSAb83yN7jaD61PSsIiEuK8bL7fnXODmsnrEQxeUfOVqbAmZ_Zzu_1-dTs3U16VwgVGppeDqwTC2\/pubchart?oid=1012871572&amp;format=interactive\" width=\"600\" height=\"371\" frameborder=\"0\" scrolling=\"no\" seamless=\"\"><\/iframe><\/p>\n<p style=\"text-align: center;\"><iframe loading=\"lazy\" src=\"https:\/\/docs.google.com\/spreadsheets\/d\/e\/2PACX-1vRZLSAb83yN7jaD61PSsIiEuK8bL7fnXODmsnrEQxeUfOVqbAmZ_Zzu_1-dTs3U16VwgVGppeDqwTC2\/pubchart?oid=636514983&amp;format=interactive\" width=\"600\" height=\"371\" frameborder=\"0\" scrolling=\"no\" seamless=\"\"><\/iframe><\/p>\n<p style=\"text-align: center;\"><iframe loading=\"lazy\" src=\"https:\/\/docs.google.com\/spreadsheets\/d\/e\/2PACX-1vRZLSAb83yN7jaD61PSsIiEuK8bL7fnXODmsnrEQxeUfOVqbAmZ_Zzu_1-dTs3U16VwgVGppeDqwTC2\/pubchart?oid=244944762&amp;format=interactive\" width=\"600\" height=\"371\" frameborder=\"0\" scrolling=\"no\" seamless=\"\"><\/iframe><\/p>\n<p style=\"text-align: center;\"><iframe loading=\"lazy\" src=\"https:\/\/docs.google.com\/spreadsheets\/d\/e\/2PACX-1vRZLSAb83yN7jaD61PSsIiEuK8bL7fnXODmsnrEQxeUfOVqbAmZ_Zzu_1-dTs3U16VwgVGppeDqwTC2\/pubchart?oid=1688338824&amp;format=interactive\" width=\"600\" height=\"371\" frameborder=\"0\" scrolling=\"no\" seamless=\"\"><\/iframe><\/p>\n<p style=\"text-align: center;\"><em>Top 20 localitati cu cei mai multi candidati la primarie<\/em><\/p>\n<p style=\"text-align: center;\"><iframe loading=\"lazy\" src=\"https:\/\/docs.google.com\/spreadsheets\/d\/e\/2PACX-1vRZLSAb83yN7jaD61PSsIiEuK8bL7fnXODmsnrEQxeUfOVqbAmZ_Zzu_1-dTs3U16VwgVGppeDqwTC2\/pubchart?oid=1842037191&amp;format=interactive\" width=\"600\" height=\"371\" frameborder=\"0\" scrolling=\"no\" seamless=\"\"><\/iframe><\/p>\n<p style=\"text-align: center;\"><em>Competi\u021bie pentru consiliile locale<\/em><\/p>\n<p style=\"text-align: center;\"><iframe loading=\"lazy\" src=\"https:\/\/docs.google.com\/spreadsheets\/d\/e\/2PACX-1vRZLSAb83yN7jaD61PSsIiEuK8bL7fnXODmsnrEQxeUfOVqbAmZ_Zzu_1-dTs3U16VwgVGppeDqwTC2\/pubchart?oid=212178080&amp;format=interactive\" width=\"600\" height=\"371\" frameborder=\"0\" scrolling=\"no\" seamless=\"\"><\/iframe><\/p>\n<p style=\"text-align: center;\"><iframe loading=\"lazy\" src=\"https:\/\/docs.google.com\/spreadsheets\/d\/e\/2PACX-1vRZLSAb83yN7jaD61PSsIiEuK8bL7fnXODmsnrEQxeUfOVqbAmZ_Zzu_1-dTs3U16VwgVGppeDqwTC2\/pubchart?oid=252699153&amp;format=interactive\" width=\"781\" height=\"483\" frameborder=\"0\" scrolling=\"no\" seamless=\"\"><\/iframe><\/p>\n<p style=\"text-align: center;\"><iframe loading=\"lazy\" src=\"https:\/\/docs.google.com\/spreadsheets\/d\/e\/2PACX-1vRZLSAb83yN7jaD61PSsIiEuK8bL7fnXODmsnrEQxeUfOVqbAmZ_Zzu_1-dTs3U16VwgVGppeDqwTC2\/pubchart?oid=1520183860&amp;format=interactive\" width=\"600\" height=\"371\" frameborder=\"0\" scrolling=\"no\" seamless=\"\"><\/iframe><\/p>\n<p style=\"text-align: center;\"><iframe loading=\"lazy\" src=\"https:\/\/docs.google.com\/spreadsheets\/d\/e\/2PACX-1vRZLSAb83yN7jaD61PSsIiEuK8bL7fnXODmsnrEQxeUfOVqbAmZ_Zzu_1-dTs3U16VwgVGppeDqwTC2\/pubchart?oid=119297189&amp;format=interactive\" width=\"600\" height=\"371\" frameborder=\"0\" scrolling=\"no\" seamless=\"\"><\/iframe><br \/>\n<a href=\"http:\/\/locale2020.bec.ro\/candidati\/\">Sursa date: Biroul Electoral Central<\/a>\u00a0 \/ <a href=\"https:\/\/www.roaep.ro\/management-electoral\/statistici\/\">Autoritatea Electoral\u0103 Permanent\u0103<\/a><\/p>\n<p>&nbsp;<\/p>\n<p><img loading=\"lazy\" decoding=\"async\" class=\"alignnone wp-image-3642\" src=\"https:\/\/votcorect.ro\/locale-2020\/wp-content\/uploads\/sites\/7\/2020\/09\/canada.jpg\" alt=\"\" width=\"80\" height=\"19\" \/><\/p>\n<p>Dezvoltarea acestei sec\u021biuni a fost sus\u021binut\u0103 printr-un grant al Ambasadei Canadei \u00een Rom\u00e2nia.<\/p>\n<p>&nbsp;<\/p>\n<p>&nbsp;<\/p>\n","protected":false},"excerpt":{"rendered":"<p>\ufeff\ufeff Po\u021bi c\u0103uta aici \u00een varianta f\u0103r\u0103 hart\u0103 (se \u00eencarc\u0103 mai rapid). * baza de date reflect\u0103 documentele publicate pe 3 septembrie 2020. Fa\u021b\u0103 de informa\u021biile publicate la pr\u00e2nz au fost operate modific\u0103ri pe site-ul BEC la candida\u021bii de la jude\u021bul AR, care se reg\u0103sesc \u00een baza de date.\u00a0 Multumim partenerilor care ne-au sprijin \u00een [&hellip;]<\/p>\n","protected":false},"author":2,"featured_media":0,"parent":0,"menu_order":0,"comment_status":"closed","ping_status":"closed","template":"template-no-sidebar.php","meta":{"_acf_changed":false,"footnotes":""},"class_list":["post-3606","page","type-page","status-publish","hentry"],"acf":[],"_links":{"self":[{"href":"https:\/\/votcorect.ro\/locale-2020\/wp-json\/wp\/v2\/pages\/3606","targetHints":{"allow":["GET"]}}],"collection":[{"href":"https:\/\/votcorect.ro\/locale-2020\/wp-json\/wp\/v2\/pages"}],"about":[{"href":"https:\/\/votcorect.ro\/locale-2020\/wp-json\/wp\/v2\/types\/page"}],"author":[{"embeddable":true,"href":"https:\/\/votcorect.ro\/locale-2020\/wp-json\/wp\/v2\/users\/2"}],"replies":[{"embeddable":true,"href":"https:\/\/votcorect.ro\/locale-2020\/wp-json\/wp\/v2\/comments?post=3606"}],"version-history":[{"count":43,"href":"https:\/\/votcorect.ro\/locale-2020\/wp-json\/wp\/v2\/pages\/3606\/revisions"}],"predecessor-version":[{"id":3748,"href":"https:\/\/votcorect.ro\/locale-2020\/wp-json\/wp\/v2\/pages\/3606\/revisions\/3748"}],"wp:attachment":[{"href":"https:\/\/votcorect.ro\/locale-2020\/wp-json\/wp\/v2\/media?parent=3606"}],"curies":[{"name":"wp","href":"https:\/\/api.w.org\/{rel}","templated":true}]}}