{"id":2577,"date":"2024-04-08T06:25:09","date_gmt":"2024-04-08T06:25:09","guid":{"rendered":"https:\/\/votcorect.ro\/euro-locale-2024\/?page_id=2577"},"modified":"2024-05-29T18:38:25","modified_gmt":"2024-05-29T18:38:25","slug":"despre-coalitie","status":"publish","type":"page","link":"https:\/\/votcorect.ro\/euro-locale-2024\/despre-coalitie\/","title":{"rendered":"Despre Coali\u021bia Vot Corect"},"content":{"rendered":"<p>Coali\u021bia VotCorect este format\u0103 din organiza\u021bii civice care lucreaz\u0103 \u00een domeniul ap\u0103r\u0103rii democra\u021biei \u0219i drepturilor omului. Scopul coali\u021biei este de a monitoriza procesul de organizare a alegerilor \u0219i referendumurilor pentru a se asigura c\u0103 se desf\u0103\u0219oar\u0103 conform principiilor constitu\u021bionale \u0219i standardelor \u0219i bunelor practici interna\u021bionale la care Rom\u00e2nia a aderat. Organiza\u021biile partenere au scopul principal de a acredita observatori pentru ziua alegerilor, dar monitorizeaz\u0103 procesul electoral per ansamblu, ac\u021bioneaz\u0103 pentru \u00eembun\u0103t\u0103\u021birea cadrului legal \u0219i reac\u021bioneaz\u0103 \u00een cazul \u00eenc\u0103lc\u0103rii principiilor men\u021bionate anterior.<\/p>\n<p>Cea mai mare parte dintre organiza\u021bii continu\u0103 activitatea desf\u0103\u0219urat\u0103 p\u00e2n\u0103 \u00een 2020 sub formatul FiecareVot, care a monitorizat alegerile \u00eencep\u00e2nd cu 2016. FiecareVot a monitorizat toate alegerile \u00eencep\u00e2nd cu 2016 \u0219i referendumul din 2018, a produs rapoarte de observare \u0219i a acreditat pentru sec\u021biile de votare peste 6000 de observatori.<\/p>\n<p>Pentru fiecare scrutin, vom publica un raport care con\u021bine concluziilor observ\u0103rii \u015fi un set de recomand\u0103ri adresate autorit\u0103\u0163ilor, pentru o mai bun\u0103 organizare a proceselor electorale viitoare. Rapoartele anterioare pot fi consultate pe pagina\u00a0<u><a href=\"https:\/\/expertforum.ro\/?s=fiecarevot\">aici<\/a>.<\/u><\/p>\n<h3>Organiza\u021biile membre<\/h3>\n<p><img loading=\"lazy\" decoding=\"async\" class=\" wp-image-2262 alignleft\" src=\"https:\/\/votcorect.ro\/euro-locale-2024\/wp-content\/uploads\/sites\/8\/2024\/02\/logo-EFOR-320.png\" alt=\"Expert Forum\" width=\"105\" height=\"58\" srcset=\"https:\/\/votcorect.ro\/euro-locale-2024\/wp-content\/uploads\/sites\/8\/2024\/02\/logo-EFOR-320.png 320w, https:\/\/votcorect.ro\/euro-locale-2024\/wp-content\/uploads\/sites\/8\/2024\/02\/logo-EFOR-320-300x165.png 300w\" sizes=\"auto, (max-width: 105px) 100vw, 105px\" \/>\u00cen ultimii 10 ani, <a href=\"https:\/\/expertforum.ro\/\"><strong>Expert Forum<\/strong><\/a> a construit \u0219i perfec\u021bionat o metodologie de observare cu impact \u00een ceea ce prive\u0219te alegerile. Am monitorizat alegerile \u00eenc\u0103 din 2014, am lansat rapoarte de monitorizare a acestora \u2013 al\u0103turi de al\u021bi parteneri din societatea civil\u0103 precum cei din Coali\u021bia FiecareVot\u2013 \u0219i am reu\u0219it pornind de la acestea s\u0103 contribuim la \u00eembun\u0103t\u0103\u021birea practicilor la toate tipurile de alegeri. C\u00e2teva exemple sunt reducerea num\u0103rului de semn\u0103turi pentru \u00eenfiin\u021barea unui partid, introducerea votului \u00een avans, prelungirea vot\u0103rii dup\u0103 ora 21 sau atragerea aten\u021biei asupra problemelor legate de finan\u021barea politic\u0103. Informa\u021biile culese de noi au fost folosite inclusiv de institu\u021bii sau de partide politice pentru a fundamenta proiecte de legi. \u00cen 2019, <a href=\"https:\/\/expertforum.ro\/raport-observare-europarlamentare-2019\">datele culese de EFOR \u0219i de parteneri cu ajutorul observatorilor<\/a>\u00a0au fost prezentate la audierile parlamentare referitoare la integritatea alegerile \u0219i au contrazis public premisele nejustificate ale comisiei pentru investigarea fraudelor la europarlamentare. \u00cen cele din urm\u0103, s-a dovedit c\u0103 am avut dreptate \u0219i SIMPV nu fusese folosit incorect pentru modificarea rezultatelor. De asemenea, am lansat rapoarte tehnice tematice despre finan\u021barea campaniei, participarea femeilor la alegeri sau folosirea metodelor alternative de vot. Dup\u0103 fiecare dintre aceste alegeri am discutat cu institu\u021biile relevante pentru a \u00eembun\u0103t\u0103\u021bi procesul. \u0218i chiar dac\u0103 nu am reu\u0219it mereu \u2013 fiind la urma urmei, o decizie politic\u0103, vom continua s\u0103 lupt\u0103m pentru alegeri c\u00e2t mai corecte, competitive, inclusive \u0219i transparente. Pute\u021bi citi rapoartele noastre despre alegeri\u00a0<a href=\"https:\/\/expertforum.ro\/program\/procese-electorale\/\">aici<\/a>. \u00cen 2024 ne propunem s\u0103 continu\u0103m observarea alegerilor \u0219i chiar s\u0103 ne extindem zonele pe care le acoperi mai detaliat, precum tehnologiile electorale, publicitatea online sau utilizarea datelor deschise \u00een procesul electoral. Ne vom uita la aspecte care au poten\u021bialul de a afecta semnificativ alegerile precum discursul extremist, dezinformarea sau extinderea campaniilor electorale \u00een online \u0219i modul de finan\u021bare a acestora. De asemenea, ne propunem s\u0103 colabor\u0103m cu organiza\u021biile interna\u021bionale care vor observa alegerile, precum OSCE\/ODIHR, pentru a \u00eemp\u0103rt\u0103\u0219i c\u00e2t mai mult din experien\u021ba \u0219i expertiza noastr\u0103. Vezi tot istoricul electoral EFOR <a href=\"https:\/\/expertforum.ro\/istoric-alegeri\/\">aici<\/a>.<\/p>\n<p><a href=\"http:\/\/www.asociatiacivica.ro\"><b>Asocia\u021bia CIVICA<\/b><\/a><span style=\"font-weight: 400;\"> <img loading=\"lazy\" decoding=\"async\" class=\" wp-image-2580 alignleft\" src=\"https:\/\/votcorect.ro\/euro-locale-2024\/wp-content\/uploads\/sites\/8\/2024\/04\/civica.png\" alt=\"\" width=\"120\" height=\"38\" srcset=\"https:\/\/votcorect.ro\/euro-locale-2024\/wp-content\/uploads\/sites\/8\/2024\/04\/civica.png 438w, https:\/\/votcorect.ro\/euro-locale-2024\/wp-content\/uploads\/sites\/8\/2024\/04\/civica-300x95.png 300w\" sizes=\"auto, (max-width: 120px) 100vw, 120px\" \/>desf\u0103\u0219oar\u0103, din 2014, proiecte \u0219i programe \u00een domeniul cet\u0103\u021beniei active \u0219i a bunei guvern\u0103ri la nivel local, \u00een Ia\u0219i, \u0219i \u00een regiunea de NE a Rom\u00e2niei.\u00a0<\/span><span style=\"font-weight: 400;\">Activitatea asocia\u021biei urm\u0103re\u0219te consolidarea democra\u021biei, ap\u0103rarea drepturilor omului \u0219i l\u0103rgirea spa\u021biului civic prin oferirea de asisten\u021b\u0103 \u00een advocacy \u0219i organizare comunitar\u0103 cet\u0103\u021benilor, grupurilor civice \u0219i organiza\u021biilor care se confrunt\u0103 cu diverse probleme sau adreseaz\u0103 diverse nevoi din comunitate.\u00a0<\/span><\/p>\n<p><span style=\"font-weight: 400;\">Din 2016, suntem implica\u021bi \u00een monitorizarea proceselor electorale prin recrutare \u0219i asisten\u021b\u0103 oferit\u0103 observatorilor independen\u021bi ca parte din coali\u021bia FiecareVot (2016-2020), respectiv Coali\u021bia VotCorect din 2024.\u00a0<\/span><span style=\"font-weight: 400;\">De asemenea, CIVICA desf\u0103\u0219oar\u0103 proiecte de dezvoltare comunitar\u0103, educa\u021bie civic\u0103 \u0219i media, organizeaz\u0103 consult\u0103ri publice, dezbateri \u0219i evenimente care aduc \u00eempreun\u0103 cet\u0103\u021benii \u0219i factorii decizionali pentru proiectele importante ale comunit\u0103\u021bii. Detalii la\u00a0<\/span><\/p>\n<p><a href=\"https:\/\/www.radautiulcivic.ro\/\"><b><img loading=\"lazy\" decoding=\"async\" class=\"wp-image-2581 alignleft\" src=\"https:\/\/votcorect.ro\/euro-locale-2024\/wp-content\/uploads\/sites\/8\/2024\/04\/LOGO_RC-PNG.png\" alt=\"\" width=\"52\" height=\"77\" srcset=\"https:\/\/votcorect.ro\/euro-locale-2024\/wp-content\/uploads\/sites\/8\/2024\/04\/LOGO_RC-PNG.png 681w, https:\/\/votcorect.ro\/euro-locale-2024\/wp-content\/uploads\/sites\/8\/2024\/04\/LOGO_RC-PNG-201x300.png 201w\" sizes=\"auto, (max-width: 52px) 100vw, 52px\" \/>Asocia\u021bia R\u0103d\u0103u\u021biul Civic <\/b><\/a><span style=\"font-weight: 400;\">s-a format \u00een anul 2017, \u00een mun. R\u0103d\u0103u\u021bi, jude\u021bul Suceava, fiind primul grup civic din jude\u021bul Suceava \u00eenfiin\u021bat cu misiunea de a promova <\/span><b>angajamentul civic<\/b><span style=\"font-weight: 400;\">, oportunit\u0103\u021bile pentru tineri, voluntariatul \u0219i buna guvernare local\u0103. De la \u00eenfiin\u021bare, aplic\u00e2nd metode de <\/span><b>organizare comunitar\u0103<\/b><span style=\"font-weight: 400;\">, asocia\u021bia a sprijinit comunit\u0103\u021bile locale, a creat un hub comunitar \u0219i a lansat o re\u021bea de grupuri civice \u00een anul 2023, realiz\u00e2nd \u0219i numeroase campanii de advocacy. Eforturile sale au fost recunoscute timp de cinci ani la r\u00e2nd la Gala Na\u021bional\u0103 a Particip\u0103rii Publice. \u00cen ultimii ani, organiza\u021bia a lucrat cu peste 200 de tineri voluntari \u0219i sute de beneficiari, fiind implicat\u0103 \u0219i \u00een eforturile umanitare pentru Ucraina, cu peste 170.000 de beneficiari direc\u021bi.<\/span><\/p>\n<p><span style=\"font-weight: 400;\"><img loading=\"lazy\" decoding=\"async\" class=\"alignnone wp-image-2586\" src=\"https:\/\/votcorect.ro\/euro-locale-2024\/wp-content\/uploads\/sites\/8\/2024\/04\/csd-1.png\" alt=\"\" width=\"136\" height=\"54\" \/>Misiunea <a href=\"https:\/\/democracycenter.ro\"><strong>Asocia\u021biei Centrul pentru Studiul Democra\u021biei<\/strong> <\/a>este de a contribui la construc\u021bia democratic\u0103 din Rom\u00e2nia, prin intermediul ini\u021bierii unor cercet\u0103ri independente, \u00eembun\u0103t\u0103\u021birii procesului decizional \u0219i promov\u0103rii valorilor democratice \u0219i a cet\u0103\u021beniei active. Asocia\u021bia a fost \u00eenfiin\u021bat\u0103 \u00een 2012, func\u021bion\u00e2nd complementar cu think-tankul \u00eenfiin\u021bat \u00een 2006 \u00een cadrul UBB Cluj.\u00a0<\/span><\/p>\n<p><strong><a href=\"https:\/\/resursecivice.ro\/despre-noi\/\"><span style=\"font-weight: 400;\"><img loading=\"lazy\" decoding=\"async\" class=\"alignnone wp-image-2582\" src=\"https:\/\/votcorect.ro\/euro-locale-2024\/wp-content\/uploads\/sites\/8\/2024\/04\/crc.png\" alt=\"\" width=\"138\" height=\"53\" \/><\/span>Centrul pentru Resurse Civice<\/a> <\/strong>s-a \u00eenfiin\u0163at \u00een 2006 pentru a sprijini, promova \u015fi dezvolta con\u015ftiin\u0163a \u015fi ini\u0163iativa civic\u0103, \u00een spiritul democra\u0163iei participative, la nivel individual, comunitar \u015fi regional.<\/p>\n<p>Coali\u021bia colaboreaz\u0103 c\u0103 Asocia\u021bia Code for Romania, care furnizeaz\u0103 aplica\u021bie Monitorizare Vot pentru colectarea de date \u00een ziua alegerilor.<\/p>\n<div><img loading=\"lazy\" decoding=\"async\" class=\"wp-image-2593 alignleft\" src=\"https:\/\/votcorect.ro\/euro-locale-2024\/wp-content\/uploads\/sites\/8\/2024\/04\/C4R_Logo_Main.png\" alt=\"\" width=\"168\" height=\"52\" srcset=\"https:\/\/votcorect.ro\/euro-locale-2024\/wp-content\/uploads\/sites\/8\/2024\/04\/C4R_Logo_Main.png 10000w, https:\/\/votcorect.ro\/euro-locale-2024\/wp-content\/uploads\/sites\/8\/2024\/04\/C4R_Logo_Main-300x93.png 300w, https:\/\/votcorect.ro\/euro-locale-2024\/wp-content\/uploads\/sites\/8\/2024\/04\/C4R_Logo_Main-1024x317.png 1024w, https:\/\/votcorect.ro\/euro-locale-2024\/wp-content\/uploads\/sites\/8\/2024\/04\/C4R_Logo_Main-768x238.png 768w, https:\/\/votcorect.ro\/euro-locale-2024\/wp-content\/uploads\/sites\/8\/2024\/04\/C4R_Logo_Main-1536x475.png 1536w, https:\/\/votcorect.ro\/euro-locale-2024\/wp-content\/uploads\/sites\/8\/2024\/04\/C4R_Logo_Main-2048x633.png 2048w\" sizes=\"auto, (max-width: 168px) 100vw, 168px\" \/><a href=\"https:\/\/www.code4.ro\/\">Code for Romania<\/a> este o organiza\u021bie non-profit care proiecteaz\u0103, construie\u0219te \u0219i administreaz\u0103 ecosistemul de schimbare social\u0103 prin tehnologie al Rom\u00e2niei. Organiza\u021bia a reu\u0219it s\u0103 conceap\u0103 \u0219i s\u0103 consolideze un mecanism func\u021bional prin care s\u0103 aduc\u0103 \u00eempreun\u0103 \u0219i s\u0103 direc\u021bioneze capacitatea uria\u0219\u0103 de dezvoltare IT din Rom\u00e2nia \u0219i diaspora pentru a livra solu\u021bii digitale pentru probleme sociale. \u00cenfiin\u021bat\u0103 \u00een anul 2016, Code for Romania este cea mai mare organiza\u021bie de tehnologie civic\u0103 din \u00eentreaga lume, av\u00e2nd o comunitate de peste 3000 de membri, \u0219i 65 de solu\u021bii digitale (platforme, aplica\u021bii web \u0219i mobile) lansate.<\/div>\n<div><\/div>\n<div><strong>Parteneri\u00a0<\/strong><\/div>\n<div><\/div>\n<div><\/div>\n<div><img loading=\"lazy\" decoding=\"async\" class=\"wp-image-2722 alignleft\" src=\"https:\/\/votcorect.ro\/euro-locale-2024\/wp-content\/uploads\/sites\/8\/2024\/05\/logo-2-300x300.png\" alt=\"\" width=\"111\" height=\"111\" srcset=\"https:\/\/votcorect.ro\/euro-locale-2024\/wp-content\/uploads\/sites\/8\/2024\/05\/logo-2-300x300.png 300w, https:\/\/votcorect.ro\/euro-locale-2024\/wp-content\/uploads\/sites\/8\/2024\/05\/logo-2-150x150.png 150w, https:\/\/votcorect.ro\/euro-locale-2024\/wp-content\/uploads\/sites\/8\/2024\/05\/logo-2.png 500w\" sizes=\"auto, (max-width: 111px) 100vw, 111px\" \/> <strong><a href=\"https:\/\/www.instagram.com\/politicalaminut\/\">Politic\u0103 la minut<\/a><\/strong> este o ini\u021biativ\u0103 nepartizan\u0103 \u0219i apolitic\u0103 dedicat\u0103 explic\u0103rii actualit\u0103\u021bii politice rom\u00e2ne\u0219ti \u0219i europene \u0219i cre\u0219terii implic\u0103rii civice a tinerilor. Cu aproape 70 de mii de urm\u0103ritori pe Instagram, ini\u021biativa a c\u00e2\u0219tigat premiul I la categoria \u201eTineri de bine\u201d la Gala Societ\u0103\u021biii Civile, edi\u021bia 2023. Proiectul Politic\u0103 la minut a fost cofondat de Vlad Adamescu \u0219i\u00a0<span class=\"il\">R\u0103zvan<\/span>\u00a0<span class=\"il\">Petri<\/span>, \u00een anul 2020.<\/div>\n<div><\/div>\n<div><\/div>\n<div><\/div>\n<div>\n<div dir=\"ltr\">\n<div><span style=\"font-family: verdana, sans-serif;\"><img loading=\"lazy\" decoding=\"async\" class=\"wp-image-2850 alignleft\" src=\"https:\/\/votcorect.ro\/euro-locale-2024\/wp-content\/uploads\/sites\/8\/2024\/05\/1.-Logo-ANOSR-var.-01.png\" alt=\"\" width=\"146\" height=\"73\" srcset=\"https:\/\/votcorect.ro\/euro-locale-2024\/wp-content\/uploads\/sites\/8\/2024\/05\/1.-Logo-ANOSR-var.-01.png 3334w, https:\/\/votcorect.ro\/euro-locale-2024\/wp-content\/uploads\/sites\/8\/2024\/05\/1.-Logo-ANOSR-var.-01-300x150.png 300w, https:\/\/votcorect.ro\/euro-locale-2024\/wp-content\/uploads\/sites\/8\/2024\/05\/1.-Logo-ANOSR-var.-01-1024x514.png 1024w, https:\/\/votcorect.ro\/euro-locale-2024\/wp-content\/uploads\/sites\/8\/2024\/05\/1.-Logo-ANOSR-var.-01-768x385.png 768w, https:\/\/votcorect.ro\/euro-locale-2024\/wp-content\/uploads\/sites\/8\/2024\/05\/1.-Logo-ANOSR-var.-01-1536x770.png 1536w, https:\/\/votcorect.ro\/euro-locale-2024\/wp-content\/uploads\/sites\/8\/2024\/05\/1.-Logo-ANOSR-var.-01-2048x1027.png 2048w\" sizes=\"auto, (max-width: 146px) 100vw, 146px\" \/><\/span><strong>Alian\u021ba Na\u021bional\u0103 a Organiza\u021biilor Studen\u021be\u0219ti din Rom\u00e2nia (ANOSR)<\/strong> este federa\u021bia na\u021bional\u0103 studen\u021beasc\u0103, non-guvernamental\u0103 \u0219i non-partizan\u0103 care, de peste 25 ani, are ca scop principal reprezentarea intereselor comune ale studen\u021bilor din Rom\u00e2nia, ap\u0103rarea \u0219i promovarea drepturilor \u0219i obliga\u021biilor acestora, dar \u0219i stimularea particip\u0103rii lor la actul educa\u021bional \u0219i la via\u021ba social\u0103, economic\u0103 \u0219i cultural\u0103. ANOSR reune\u0219te studen\u021bi din 19 centre universitare din \u00eentreaga \u021bar\u0103, din 31 de universit\u0103\u021bi, ating\u00e2nd un num\u0103r de 125 de organiza\u021bii membre care lupt\u0103 \u00eempreun\u0103 pentru men\u021binerea \u00een func\u021biune a mecanismului mi\u0219c\u0103rii studen\u021be\u0219ti.<\/p>\n<\/div>\n<div>La nivel na\u021bional, ANOSR este parte a Alian\u021bei pentru o Rom\u00e2nie Curat\u0103 \u0219i membr\u0103 \u00een Consiliul Tineretului din Rom\u00e2nia. De asemenea, federa\u021bia este reprezentantul legitim al studen\u021bilor din Rom\u00e2nia la nivel european, prin statutul de membru cu drepturi depline al Organiza\u021biei Europene a Studen\u021bilor (ESU &#8211; European Students&#8217; Union), singura structur\u0103 european\u0103 care reprezint\u0103 studen\u021bii.<\/div>\n<\/div>\n<div class=\"yj6qo ajU\"><\/div>\n<\/div>\n<div><\/div>\n<div><\/div>\n<p>La alegerile din 9 iunie, organiza\u021biile vor acredita observatori astfel:<\/p>\n<table width=\"624\">\n<tbody>\n<tr>\n<td width=\"227\">ONG<\/td>\n<td width=\"189\">Adres\u0103<\/td>\n<td width=\"208\">Jude\u021be<\/td>\n<\/tr>\n<tr>\n<td width=\"227\"><a href=\"https:\/\/expertforum.ro\/\">Expert Forum<\/a><\/td>\n<td width=\"189\">Semilunei 7, apt 1, Sector 2, Bucuresti<\/td>\n<td width=\"208\">Bra\u0219ov, Bucure\u0219ti , Buz\u0103u, Covasna, Sibiu, D\u00e2mbovi\u021ba, Harghita, Ilfov, Arad, Cara\u0219-Severin, Giurgiu, Prahova, Satu-Mare, Teleorman, Timi\u0219, Arge\u0219, D\u00e2mbovi\u021ba, Dolj, Gorj, Mehedin\u021bi, Olt, V\u00e2lcea, diaspora<\/td>\n<\/tr>\n<tr>\n<td width=\"227\"><a href=\"http:\/\/resursecivice.ro\/\">Centrul pentru Resurse Civice din Constan\u021ba<\/a><\/td>\n<td width=\"189\">Bd. IC Braianu nr 5, Constanta<\/p>\n<p>&nbsp;<\/td>\n<td width=\"208\">&nbsp;<\/p>\n<p>Constan\u021ba, Tulcea, Ialomi\u021ba, C\u0103l\u0103ra\u0219i, Br\u0103ila, Gala\u021bi<\/td>\n<\/tr>\n<tr>\n<td width=\"227\">Centrul pentru Studiul Democratiei<\/td>\n<td width=\"189\">Strada Minerilor, nr. 85, sala 302 Cluj Napoca<\/td>\n<td width=\"208\">Alba, Bihor, Cluj, Maramure\u0219, Bistri\u021ba-N\u0103s\u0103ud, Mure\u0219, S\u0103laj<\/td>\n<\/tr>\n<tr>\n<td width=\"227\"><a href=\"https:\/\/asociatiacivica.ro\/\">Civica Ia\u0219i<\/a><\/td>\n<td width=\"189\">Str. Splai Bahlui Mal St\u00e2ng 1, Etaj 4, Ia\u0219i 700029<\/td>\n<td width=\"208\">Bac\u0103u, Ia\u0219i, Neam\u021b, Vaslui, Vrancea<\/td>\n<\/tr>\n<tr>\n<td width=\"227\">R\u0103d\u0103u\u021biul Civic<\/td>\n<td width=\"189\">Strada Pia\u021ba Unirii 67, R\u0103d\u0103u\u021bi<\/td>\n<td width=\"208\">Suceava, Boto\u0219ani, Neam\u021b, Maramure\u0219, Bistri\u021ba N\u0103s\u0103ud<\/td>\n<\/tr>\n<tr>\n<td width=\"227\">Maria Krause \/ Observatorul Electoral<\/td>\n<td width=\"189\"><\/td>\n<td width=\"208\">nu acrediteaz\u0103, \u00eens\u0103 sus\u021bine \u00een proces toate organiza\u021biile<\/td>\n<\/tr>\n<\/tbody>\n<\/table>\n","protected":false},"excerpt":{"rendered":"<p>Coali\u021bia VotCorect este format\u0103 din organiza\u021bii civice care lucreaz\u0103 \u00een domeniul ap\u0103r\u0103rii democra\u021biei \u0219i drepturilor omului. Scopul coali\u021biei este de a monitoriza procesul de organizare a alegerilor \u0219i referendumurilor pentru a se asigura c\u0103 se desf\u0103\u0219oar\u0103 conform principiilor constitu\u021bionale \u0219i standardelor \u0219i bunelor practici interna\u021bionale la care Rom\u00e2nia a aderat. Organiza\u021biile partenere au scopul principal [&hellip;]<\/p>\n","protected":false},"author":2,"featured_media":0,"parent":0,"menu_order":0,"comment_status":"closed","ping_status":"closed","template":"","meta":{"_acf_changed":false,"footnotes":""},"class_list":["post-2577","page","type-page","status-publish","hentry"],"acf":[],"_links":{"self":[{"href":"https:\/\/votcorect.ro\/euro-locale-2024\/wp-json\/wp\/v2\/pages\/2577","targetHints":{"allow":["GET"]}}],"collection":[{"href":"https:\/\/votcorect.ro\/euro-locale-2024\/wp-json\/wp\/v2\/pages"}],"about":[{"href":"https:\/\/votcorect.ro\/euro-locale-2024\/wp-json\/wp\/v2\/types\/page"}],"author":[{"embeddable":true,"href":"https:\/\/votcorect.ro\/euro-locale-2024\/wp-json\/wp\/v2\/users\/2"}],"replies":[{"embeddable":true,"href":"https:\/\/votcorect.ro\/euro-locale-2024\/wp-json\/wp\/v2\/comments?post=2577"}],"version-history":[{"count":12,"href":"https:\/\/votcorect.ro\/euro-locale-2024\/wp-json\/wp\/v2\/pages\/2577\/revisions"}],"predecessor-version":[{"id":2851,"href":"https:\/\/votcorect.ro\/euro-locale-2024\/wp-json\/wp\/v2\/pages\/2577\/revisions\/2851"}],"wp:attachment":[{"href":"https:\/\/votcorect.ro\/euro-locale-2024\/wp-json\/wp\/v2\/media?parent=2577"}],"curies":[{"name":"wp","href":"https:\/\/api.w.org\/{rel}","templated":true}]}}