{"id":2487,"date":"2024-03-12T20:26:52","date_gmt":"2024-03-12T20:26:52","guid":{"rendered":"https:\/\/votcorect.ro\/euro-locale-2024\/?page_id=2487"},"modified":"2024-06-05T05:57:15","modified_gmt":"2024-06-05T05:57:15","slug":"observatori","status":"publish","type":"page","link":"https:\/\/votcorect.ro\/euro-locale-2024\/observatori\/","title":{"rendered":"Acreditare observatori"},"content":{"rendered":"<p><a href=\"https:\/\/observatori.votcorect.ro\/\"><img loading=\"lazy\" decoding=\"async\" class=\"alignnone size-full wp-image-2797\" src=\"https:\/\/votcorect.ro\/euro-locale-2024\/wp-content\/uploads\/sites\/8\/2024\/05\/observatori.png\" alt=\"\" width=\"1743\" height=\"982\" srcset=\"https:\/\/votcorect.ro\/euro-locale-2024\/wp-content\/uploads\/sites\/8\/2024\/05\/observatori.png 1743w, https:\/\/votcorect.ro\/euro-locale-2024\/wp-content\/uploads\/sites\/8\/2024\/05\/observatori-300x169.png 300w, https:\/\/votcorect.ro\/euro-locale-2024\/wp-content\/uploads\/sites\/8\/2024\/05\/observatori-1024x577.png 1024w, https:\/\/votcorect.ro\/euro-locale-2024\/wp-content\/uploads\/sites\/8\/2024\/05\/observatori-768x433.png 768w, https:\/\/votcorect.ro\/euro-locale-2024\/wp-content\/uploads\/sites\/8\/2024\/05\/observatori-1536x865.png 1536w\" sizes=\"auto, (max-width: 1743px) 100vw, 1743px\" \/><\/a><\/p>\n<p>&nbsp;<\/p>\n<div class=\"textbox\">\n<h2 style=\"text-align: center;\"><strong>Pute\u021bi \u00eencepe \u00eenregistrarea ca observator <a href=\"https:\/\/observatori.votcorect.ro\/\">aici<\/a>. <img loading=\"lazy\" decoding=\"async\" class=\"alignnone wp-image-2801\" src=\"https:\/\/votcorect.ro\/euro-locale-2024\/wp-content\/uploads\/sites\/8\/2024\/05\/pngwing.com_.png\" alt=\"\" width=\"67\" height=\"67\" srcset=\"https:\/\/votcorect.ro\/euro-locale-2024\/wp-content\/uploads\/sites\/8\/2024\/05\/pngwing.com_.png 512w, https:\/\/votcorect.ro\/euro-locale-2024\/wp-content\/uploads\/sites\/8\/2024\/05\/pngwing.com_-300x300.png 300w, https:\/\/votcorect.ro\/euro-locale-2024\/wp-content\/uploads\/sites\/8\/2024\/05\/pngwing.com_-150x150.png 150w\" sizes=\"auto, (max-width: 67px) 100vw, 67px\" \/><\/strong><\/h2>\n<p style=\"text-align: center;\"><strong>Termenul pentru \u00eenscrieri este 2 iunie pentru \u021bar\u0103 \u0219i 5 iunie pentru Bucure\u0219ti.\u00a0<\/strong><\/p>\n<\/div>\n<p style=\"text-align: center;\">Pentru orice \u00eentreb\u0103ri sau nel\u0103muriri ne pute\u021bi contacta la <a href=\"observare@votcorect.ro\">observare@votcorect.ro<\/a>.<\/p>\n<p style=\"text-align: center;\">Pute\u021bi afla mai multe despre observatori, rolul acestora \u0219i procedurile de acreditare <a href=\"https:\/\/votcorect.ro\/euro-locale-2024\/reguli\/observator\/\">aici<\/a>.<\/p>\n<p>&nbsp;<\/p>\n<p>Coali\u021bia este format\u0103 din Expert Forum, Centrul pentru Resurse Civice, Asocia\u021bia Civica, Centrul pentru Studiul Democra\u021biei, R\u0103d\u0103u\u021biul Civic \u0219i Observatorul Electoral. Coali\u021bia este partener cu Asocia\u021bia Code for Romania, care asigur\u0103 dezvoltarea aplica\u021biei pentru smartphone Monitorizare Vot, cu ajutorul c\u0103reia colect\u0103m date \u00een ziua alegerilor.<\/p>\n<p style=\"text-align: center;\">Citi\u021bi mai multe despre parteneri \u0219i istoricul coali\u021biei <a href=\"https:\/\/votcorect.ro\/euro-locale-2024\/despre-coalitie\/\">aici<\/a>.<\/p>\n<p style=\"text-align: center;\">Vezi mai multe despre ceea ce \u00eenseamn\u0103 s\u0103 fii observator \u00een clipul de mai jos:<\/p>\n<p>&nbsp;<\/p>\n<p style=\"text-align: center;\"><iframe loading=\"lazy\" title=\"YouTube video player\" src=\"https:\/\/www.youtube.com\/embed\/LUahg0gxgd4?si=1ynH5AwRmWqp1a31\" width=\"700\" height=\"500\" frameborder=\"0\" allowfullscreen=\"allowfullscreen\"><span data-mce-type=\"bookmark\" style=\"display: inline-block; width: 0px; overflow: hidden; line-height: 0;\" class=\"mce_SELRES_start\">\ufeff<\/span><\/iframe><\/p>\n<p>&nbsp;<\/p>\n<p>&nbsp;<\/p>\n<p><strong>Parteneri<\/strong><\/p>\n<p><img loading=\"lazy\" decoding=\"async\" class=\"wp-image-2722 alignleft\" src=\"https:\/\/votcorect.ro\/euro-locale-2024\/wp-content\/uploads\/sites\/8\/2024\/05\/logo-2-300x300.png\" alt=\"\" width=\"69\" height=\"69\" srcset=\"https:\/\/votcorect.ro\/euro-locale-2024\/wp-content\/uploads\/sites\/8\/2024\/05\/logo-2-300x300.png 300w, https:\/\/votcorect.ro\/euro-locale-2024\/wp-content\/uploads\/sites\/8\/2024\/05\/logo-2-150x150.png 150w, https:\/\/votcorect.ro\/euro-locale-2024\/wp-content\/uploads\/sites\/8\/2024\/05\/logo-2.png 500w\" sizes=\"auto, (max-width: 69px) 100vw, 69px\" \/> <span style=\"font-family: verdana, sans-serif;\"><img loading=\"lazy\" decoding=\"async\" class=\"wp-image-2850 alignleft\" src=\"https:\/\/votcorect.ro\/euro-locale-2024\/wp-content\/uploads\/sites\/8\/2024\/05\/1.-Logo-ANOSR-var.-01.png\" alt=\"\" width=\"146\" height=\"73\" srcset=\"https:\/\/votcorect.ro\/euro-locale-2024\/wp-content\/uploads\/sites\/8\/2024\/05\/1.-Logo-ANOSR-var.-01.png 3334w, https:\/\/votcorect.ro\/euro-locale-2024\/wp-content\/uploads\/sites\/8\/2024\/05\/1.-Logo-ANOSR-var.-01-300x150.png 300w, https:\/\/votcorect.ro\/euro-locale-2024\/wp-content\/uploads\/sites\/8\/2024\/05\/1.-Logo-ANOSR-var.-01-1024x514.png 1024w, https:\/\/votcorect.ro\/euro-locale-2024\/wp-content\/uploads\/sites\/8\/2024\/05\/1.-Logo-ANOSR-var.-01-768x385.png 768w, https:\/\/votcorect.ro\/euro-locale-2024\/wp-content\/uploads\/sites\/8\/2024\/05\/1.-Logo-ANOSR-var.-01-1536x770.png 1536w, https:\/\/votcorect.ro\/euro-locale-2024\/wp-content\/uploads\/sites\/8\/2024\/05\/1.-Logo-ANOSR-var.-01-2048x1027.png 2048w\" sizes=\"auto, (max-width: 146px) 100vw, 146px\" \/><\/span><\/p>\n","protected":false},"excerpt":{"rendered":"<p>&nbsp; Pute\u021bi \u00eencepe \u00eenregistrarea ca observator aici. Termenul pentru \u00eenscrieri este 2 iunie pentru \u021bar\u0103 \u0219i 5 iunie pentru Bucure\u0219ti.\u00a0 Pentru orice \u00eentreb\u0103ri sau nel\u0103muriri ne pute\u021bi contacta la observare@votcorect.ro. Pute\u021bi afla mai multe despre observatori, rolul acestora \u0219i procedurile de acreditare aici. &nbsp; Coali\u021bia este format\u0103 din Expert Forum, Centrul pentru Resurse Civice, Asocia\u021bia [&hellip;]<\/p>\n","protected":false},"author":2,"featured_media":0,"parent":0,"menu_order":0,"comment_status":"closed","ping_status":"closed","template":"","meta":{"_acf_changed":false,"footnotes":""},"class_list":["post-2487","page","type-page","status-publish","hentry"],"acf":[],"_links":{"self":[{"href":"https:\/\/votcorect.ro\/euro-locale-2024\/wp-json\/wp\/v2\/pages\/2487","targetHints":{"allow":["GET"]}}],"collection":[{"href":"https:\/\/votcorect.ro\/euro-locale-2024\/wp-json\/wp\/v2\/pages"}],"about":[{"href":"https:\/\/votcorect.ro\/euro-locale-2024\/wp-json\/wp\/v2\/types\/page"}],"author":[{"embeddable":true,"href":"https:\/\/votcorect.ro\/euro-locale-2024\/wp-json\/wp\/v2\/users\/2"}],"replies":[{"embeddable":true,"href":"https:\/\/votcorect.ro\/euro-locale-2024\/wp-json\/wp\/v2\/comments?post=2487"}],"version-history":[{"count":16,"href":"https:\/\/votcorect.ro\/euro-locale-2024\/wp-json\/wp\/v2\/pages\/2487\/revisions"}],"predecessor-version":[{"id":2889,"href":"https:\/\/votcorect.ro\/euro-locale-2024\/wp-json\/wp\/v2\/pages\/2487\/revisions\/2889"}],"wp:attachment":[{"href":"https:\/\/votcorect.ro\/euro-locale-2024\/wp-json\/wp\/v2\/media?parent=2487"}],"curies":[{"name":"wp","href":"https:\/\/api.w.org\/{rel}","templated":true}]}}