{"id":2058,"date":"2024-01-29T21:52:06","date_gmt":"2024-01-29T21:52:06","guid":{"rendered":"https:\/\/votcorect.ro\/europarlamentare-2024\/?page_id=2058"},"modified":"2024-02-19T09:51:46","modified_gmt":"2024-02-19T09:51:46","slug":"sesizare","status":"publish","type":"page","link":"https:\/\/votcorect.ro\/euro-locale-2024\/sesizare\/","title":{"rendered":"Trimite sesizare"},"content":{"rendered":"<p>Sesiz\u0103rile vor fi utilizate pentru raport\u0103ri \u00een ziua alegerilor, rapoartele finale de observare \u0219i \u00een anumite cazuri pot fi transmise institu\u021biilor care au rol \u00een organizarea alegerilor. Dac\u0103 este nevoie, v\u0103 pute\u021bi asista \u00een a formula anumite pl\u00e2ngeri sau pentru a transmite solicit\u0103ri c\u0103tre institu\u021biile relevante. Publicarea pe acest site nu reprezint\u0103 o pl\u00e2ngere oficial\u0103 depus\u0103 la institu\u021biile cu rol \u00een organizarea alegerilor.<\/p>\n","protected":false},"excerpt":{"rendered":"<p>Sesiz\u0103rile vor fi utilizate pentru raport\u0103ri \u00een ziua alegerilor, rapoartele finale de observare \u0219i \u00een anumite cazuri pot fi transmise institu\u021biilor care au rol \u00een organizarea alegerilor. Dac\u0103 este nevoie, v\u0103 pute\u021bi asista \u00een a formula anumite pl\u00e2ngeri sau pentru a transmite solicit\u0103ri c\u0103tre institu\u021biile relevante. Publicarea pe acest site nu reprezint\u0103 o pl\u00e2ngere oficial\u0103 [&hellip;]<\/p>\n","protected":false},"author":3,"featured_media":0,"parent":0,"menu_order":0,"comment_status":"closed","ping_status":"closed","template":"","meta":{"_acf_changed":false,"footnotes":""},"class_list":["post-2058","page","type-page","status-publish","hentry"],"acf":[],"_links":{"self":[{"href":"https:\/\/votcorect.ro\/euro-locale-2024\/wp-json\/wp\/v2\/pages\/2058","targetHints":{"allow":["GET"]}}],"collection":[{"href":"https:\/\/votcorect.ro\/euro-locale-2024\/wp-json\/wp\/v2\/pages"}],"about":[{"href":"https:\/\/votcorect.ro\/euro-locale-2024\/wp-json\/wp\/v2\/types\/page"}],"author":[{"embeddable":true,"href":"https:\/\/votcorect.ro\/euro-locale-2024\/wp-json\/wp\/v2\/users\/3"}],"replies":[{"embeddable":true,"href":"https:\/\/votcorect.ro\/euro-locale-2024\/wp-json\/wp\/v2\/comments?post=2058"}],"version-history":[{"count":12,"href":"https:\/\/votcorect.ro\/euro-locale-2024\/wp-json\/wp\/v2\/pages\/2058\/revisions"}],"predecessor-version":[{"id":2275,"href":"https:\/\/votcorect.ro\/euro-locale-2024\/wp-json\/wp\/v2\/pages\/2058\/revisions\/2275"}],"wp:attachment":[{"href":"https:\/\/votcorect.ro\/euro-locale-2024\/wp-json\/wp\/v2\/media?parent=2058"}],"curies":[{"name":"wp","href":"https:\/\/api.w.org\/{rel}","templated":true}]}}